NOAA-Style Climate Reports
Select a Year or Month report
2024: Ene Feb Mar Abr May Jun Jul Ago Sep Oct Nov Dic
2023: Ene Feb Mar Abr May Jun Jul Ago Sep Oct Nov Dic
2022: Ene Feb Mar Abr May Jun Jul Ago Sep Oct Nov Dic
2021: Ene Feb Mar Abr May Jun Jul Ago Sep Oct Nov Dic
2020: Ene Feb Mar Abr May Jun Jul Ago Sep Oct Nov Dic
2019: Ene Feb Mar Abr May Jun Jul Ago Sep Oct Nov Dic
2018: Ene Feb Mar Abr May Jun Jul Ago Sep Oct Nov Dic
2017: Ene Feb Mar Abr May Jun Jul Ago Sep Oct Nov Dic
2016: Ene Feb Mar Abr May Jun Jul Ago Sep Oct Nov Dic
2015: Ene Feb Mar Abr May Jun Jul Ago Sep Oct Nov Dic
2014: Ene Feb Mar Abr May Jun Jul Ago Sep Oct Nov Dic
2013: Ene Feb Mar Abr May Jun Jul Ago Sep Oct Nov Dic
2012: Ene Feb Mar Abr May Jun Jul Ago Sep Oct Nov Dic
2011: Ene Feb Mar Abr May Jun Jul Ago Sep Oct Nov Dic
2010: Ene Feb Mar Abr May Jun Jul Ago Sep Oct Nov Dic
2009: Ene Feb Mar Abr May Jun Jul Ago Sep Oct Nov Dic
2024: Ene Feb Mar Abr May Jun Jul Ago Sep Oct Nov Dic
2023: Ene Feb Mar Abr May Jun Jul Ago Sep Oct Nov Dic
2022: Ene Feb Mar Abr May Jun Jul Ago Sep Oct Nov Dic
2021: Ene Feb Mar Abr May Jun Jul Ago Sep Oct Nov Dic
2020: Ene Feb Mar Abr May Jun Jul Ago Sep Oct Nov Dic
2019: Ene Feb Mar Abr May Jun Jul Ago Sep Oct Nov Dic
2018: Ene Feb Mar Abr May Jun Jul Ago Sep Oct Nov Dic
2017: Ene Feb Mar Abr May Jun Jul Ago Sep Oct Nov Dic
2016: Ene Feb Mar Abr May Jun Jul Ago Sep Oct Nov Dic
2015: Ene Feb Mar Abr May Jun Jul Ago Sep Oct Nov Dic
2014: Ene Feb Mar Abr May Jun Jul Ago Sep Oct Nov Dic
2013: Ene Feb Mar Abr May Jun Jul Ago Sep Oct Nov Dic
2012: Ene Feb Mar Abr May Jun Jul Ago Sep Oct Nov Dic
2011: Ene Feb Mar Abr May Jun Jul Ago Sep Oct Nov Dic
2010: Ene Feb Mar Abr May Jun Jul Ago Sep Oct Nov Dic
2009: Ene Feb Mar Abr May Jun Jul Ago Sep Oct Nov Dic
Informe para el 2022
Daily NOAA report YEARLY CLIMATOLOGICAL SUMMARY for Dec 2022 NAME: Badalona Progres CITY: Badalona STATE: España ELEV: 33 LAT: 041:26:44 LONG: -002:14:37 TEMPERATURE ( °C), RAIN (mm), WIND SPEED (kmh) HEAT COOL AVG MEAN DEG DEG WIND DOM MTH TEMP HIGH TIME LOW TIME DAYS DAYS RAIN SPEED HIGH TIME DIR -------------------------------------------------------------------------------------------------------- 01 10.2 22.2 15:45 03.6 08:56 0250.2 0000.0 04.4 03.4 48.1 23:57 SE 02 12.5 21.2 14:32 06.5 06:50 0161.5 0000.0 00.2 04.1 42.5 23:57 ESE 03 13.1 18.3 15:34 09.1 07:33 0160.1 0000.0 92.0 06.6 55.5 23:57 S 04 15.1 25.2 16:36 05.0 06:41 0099.0 0004.0 31.4 05.1 48.1 23:53 SSW 05 20.0 32.2 13:29 13.7 06:35 0007.3 0059.3 16.2 03.5 38.9 23:57 SSW 06 24.4 32.2 10:18 18.9 06:21 0000.0 0184.2 05.0 04.7 42.5 23:56 WSW 07 26.7 32.8 20:01 20.9 05:31 0000.0 0259.0 09.6 04.4 31.4 23:53 W 08 27.3 35.5 12:41 18.8 10:00 0000.0 0280.7 84.6 04.7 64.8 23:57 WSW 09 23.8 31.6 14:05 15.0 08:48 0000.2 0165.9 13.0 03.9 50.0 23:57 WSW 10 21.2 27.9 16:26 14.6 07:16 0000.1 0090.8 15.8 02.2 38.9 23:55 WSW 11 16.4 23.7 15:51 08.1 06:56 0067.8 0010.1 06.8 03.6 50.0 23:57 W 12 13.7 23.5 16:08 05.5 07:59 0143.6 0000.0 28.0 02.6 37.0 23:57 W -------------------------------------------------------------------------------------------------------- 18.7 35.5 3.6 889.8 1054.1 307.0 4.1 64.8 W Max > 32.0: 42 Max < 0.0: 0 Min < 0.0: 365 Min < -18.0: 0 Max > 32.0: 42 Max < 0.0: 0 Min < 0.0: 365 Min < -18.0: 0 Max < -5.0: 0 Min < -5.0: 0 Max < -10.0: 0 Min < -10.0: 0 Max < -15.0: 0 Min < -15.0: 0 Max < -20.0: 0 Min < -20.0: 0 Max < -25.0: 0 Min < -25.0: 0 Max Rain: 29.2 ON 31-01-23 Days of Rain: 62 (> .2mm) 27 (> 2mm) 4 (> 20mm) Days of Rain: 10 (> .2mm) 5 (> 2mm) 0 (> 20mm)