NOAA-Style Climate Reports
Select a Year or Month report
2024: Ene Feb Mar Abr May Jun Jul Ago Sep Oct Nov Dic
2023: Ene Feb Mar Abr May Jun Jul Ago Sep Oct Nov Dic
2022: Ene Feb Mar Abr May Jun Jul Ago Sep Oct Nov Dic
2021: Ene Feb Mar Abr May Jun Jul Ago Sep Oct Nov Dic
2020: Ene Feb Mar Abr May Jun Jul Ago Sep Oct Nov Dic
2019: Ene Feb Mar Abr May Jun Jul Ago Sep Oct Nov Dic
2018: Ene Feb Mar Abr May Jun Jul Ago Sep Oct Nov Dic
2017: Ene Feb Mar Abr May Jun Jul Ago Sep Oct Nov Dic
2016: Ene Feb Mar Abr May Jun Jul Ago Sep Oct Nov Dic
2015: Ene Feb Mar Abr May Jun Jul Ago Sep Oct Nov Dic
2014: Ene Feb Mar Abr May Jun Jul Ago Sep Oct Nov Dic
2013: Ene Feb Mar Abr May Jun Jul Ago Sep Oct Nov Dic
2012: Ene Feb Mar Abr May Jun Jul Ago Sep Oct Nov Dic
2011: Ene Feb Mar Abr May Jun Jul Ago Sep Oct Nov Dic
2010: Ene Feb Mar Abr May Jun Jul Ago Sep Oct Nov Dic
2009: Ene Feb Mar Abr May Jun Jul Ago Sep Oct Nov Dic
2024: Ene Feb Mar Abr May Jun Jul Ago Sep Oct Nov Dic
2023: Ene Feb Mar Abr May Jun Jul Ago Sep Oct Nov Dic
2022: Ene Feb Mar Abr May Jun Jul Ago Sep Oct Nov Dic
2021: Ene Feb Mar Abr May Jun Jul Ago Sep Oct Nov Dic
2020: Ene Feb Mar Abr May Jun Jul Ago Sep Oct Nov Dic
2019: Ene Feb Mar Abr May Jun Jul Ago Sep Oct Nov Dic
2018: Ene Feb Mar Abr May Jun Jul Ago Sep Oct Nov Dic
2017: Ene Feb Mar Abr May Jun Jul Ago Sep Oct Nov Dic
2016: Ene Feb Mar Abr May Jun Jul Ago Sep Oct Nov Dic
2015: Ene Feb Mar Abr May Jun Jul Ago Sep Oct Nov Dic
2014: Ene Feb Mar Abr May Jun Jul Ago Sep Oct Nov Dic
2013: Ene Feb Mar Abr May Jun Jul Ago Sep Oct Nov Dic
2012: Ene Feb Mar Abr May Jun Jul Ago Sep Oct Nov Dic
2011: Ene Feb Mar Abr May Jun Jul Ago Sep Oct Nov Dic
2010: Ene Feb Mar Abr May Jun Jul Ago Sep Oct Nov Dic
2009: Ene Feb Mar Abr May Jun Jul Ago Sep Oct Nov Dic
Informe para el 2012
Daily NOAA report YEARLY CLIMATOLOGICAL SUMMARY for Dec 2012 NAME: Badalona-Progres CITY: Badalona STATE: España ELEV: 27 LAT: 41º 26'24" N LONG: 2º 15' 59" E TEMPERATURE ( °C), RAIN (mm), WIND SPEED (kmh) HEAT COOL AVG MEAN DEG DEG WIND DOM MTH TEMP HIGH TIME LOW TIME DAYS DAYS RAIN SPEED HIGH TIME DIR -------------------------------------------------------------------------------------------------------- 01 10.0 17.6 14:00 02.2 07:00 0046.2 0000.0 05.3 04.0 46.3 23:57 WSW 02 11.7 19.2 17:00 -00.7 09:00 0026.5 0000.0 11.1 07.5 57.4 23:57 W 03 13.9 21.9 09:00 05.3 06:01 0177.7 0000.0 23.1 03.9 53.6 23:57 W 04 15.1 21.3 14:00 07.1 05:00 0105.5 0000.0 61.8 08.6 44.4 23:57 WSW 05 20.3 27.6 15:00 10.3 04:00 0023.2 0023.7 30.5 04.4 48.1 23:54 WSW 06 22.2 33.9 18:01 16.9 05:00 0000.0 0116.8 01.5 04.8 66.6 03:00 WSW 07 27.0 32.9 17:00 16.1 05:00 0000.0 0204.5 22.7 04.1 37.0 23:57 WSW 08 25.2 32.9 15:00 17.6 04:02 0000.0 0239.9 13.4 06.0 48.1 23:57 WSW 09 21.6 29.6 16:00 14.2 06:01 0000.0 0126.5 72.0 05.5 53.6 23:51 WSW 10 16.1 25.5 15:00 05.9 06:01 0016.5 0041.6 129.1 05.5 42.5 23:57 WSW 11 13.2 21.1 15:00 03.1 06:32 0106.7 0000.3 30.2 05.3 35.1 23:57 W 12 10.5 20.1 14:00 02.8 06:00 0216.3 0000.0 02.2 05.4 40.7 23:54 W -------------------------------------------------------------------------------------------------------- 16.3 33.9 -0.7 718.6 753.3 402.9 5.4 66.6 W Max > 32.0: 6 Max < 0.0: 0 Min < 0.0: 315 Min < -18.0: 0 Max > 32.0: 6 Max < 0.0: 0 Min < 0.0: 315 Min < -18.0: 0 Max < -5.0: 0 Min < -5.0: 0 Max < -10.0: 0 Min < -10.0: 0 Max < -15.0: 0 Min < -15.0: 0 Max < -20.0: 0 Min < -20.0: 0 Max < -25.0: 0 Min < -25.0: 0 Max Rain: 50.3 ON 31-01-21 Days of Rain: 14 (> .2mm) 7 (> 2mm) 1 (> 20mm)