NOAA-Style Climate Reports
Select a Year or Month report
2024: Ene Feb Mar Abr May Jun Jul Ago Sep Oct Nov Dic
2023: Ene Feb Mar Abr May Jun Jul Ago Sep Oct Nov Dic
2022: Ene Feb Mar Abr May Jun Jul Ago Sep Oct Nov Dic
2021: Ene Feb Mar Abr May Jun Jul Ago Sep Oct Nov Dic
2020: Ene Feb Mar Abr May Jun Jul Ago Sep Oct Nov Dic
2019: Ene Feb Mar Abr May Jun Jul Ago Sep Oct Nov Dic
2018: Ene Feb Mar Abr May Jun Jul Ago Sep Oct Nov Dic
2017: Ene Feb Mar Abr May Jun Jul Ago Sep Oct Nov Dic
2016: Ene Feb Mar Abr May Jun Jul Ago Sep Oct Nov Dic
2015: Ene Feb Mar Abr May Jun Jul Ago Sep Oct Nov Dic
2014: Ene Feb Mar Abr May Jun Jul Ago Sep Oct Nov Dic
2013: Ene Feb Mar Abr May Jun Jul Ago Sep Oct Nov Dic
2012: Ene Feb Mar Abr May Jun Jul Ago Sep Oct Nov Dic
2011: Ene Feb Mar Abr May Jun Jul Ago Sep Oct Nov Dic
2010: Ene Feb Mar Abr May Jun Jul Ago Sep Oct Nov Dic
2009: Ene Feb Mar Abr May Jun Jul Ago Sep Oct Nov Dic
2024: Ene Feb Mar Abr May Jun Jul Ago Sep Oct Nov Dic
2023: Ene Feb Mar Abr May Jun Jul Ago Sep Oct Nov Dic
2022: Ene Feb Mar Abr May Jun Jul Ago Sep Oct Nov Dic
2021: Ene Feb Mar Abr May Jun Jul Ago Sep Oct Nov Dic
2020: Ene Feb Mar Abr May Jun Jul Ago Sep Oct Nov Dic
2019: Ene Feb Mar Abr May Jun Jul Ago Sep Oct Nov Dic
2018: Ene Feb Mar Abr May Jun Jul Ago Sep Oct Nov Dic
2017: Ene Feb Mar Abr May Jun Jul Ago Sep Oct Nov Dic
2016: Ene Feb Mar Abr May Jun Jul Ago Sep Oct Nov Dic
2015: Ene Feb Mar Abr May Jun Jul Ago Sep Oct Nov Dic
2014: Ene Feb Mar Abr May Jun Jul Ago Sep Oct Nov Dic
2013: Ene Feb Mar Abr May Jun Jul Ago Sep Oct Nov Dic
2012: Ene Feb Mar Abr May Jun Jul Ago Sep Oct Nov Dic
2011: Ene Feb Mar Abr May Jun Jul Ago Sep Oct Nov Dic
2010: Ene Feb Mar Abr May Jun Jul Ago Sep Oct Nov Dic
2009: Ene Feb Mar Abr May Jun Jul Ago Sep Oct Nov Dic
Informe para el 2009
Daily NOAA report YEARLY CLIMATOLOGICAL SUMMARY for Nov 2009 NAME: Badalona-Progres CITY: Badalona STATE: España ELEV: 27 LAT: 41º 26'24" N LONG: 2º 15' 59" E TEMPERATURE ( °C), RAIN (mm), WIND SPEED (kmh) HEAT COOL AVG MEAN DEG DEG WIND DOM MTH TEMP HIGH TIME LOW TIME DAYS DAYS RAIN SPEED HIGH TIME DIR -------------------------------------------------------------------------------------------------------- 01 09.5 19.5 16:55 00.8 08:29 0274.3 0000.0 71.8 07.8 57.4 23:51 WNW 02 10.4 18.0 15:00 05.0 08:00 0220.6 0000.0 37.3 07.8 64.8 23:57 WNW 03 12.7 19.8 15:35 05.3 01:00 0172.6 0000.0 37.6 07.3 296.0 23:56 NW 04 15.3 26.3 14:02 08.1 08:00 0090.7 0000.0 66.8 06.2 79.5 23:56 NW 05 19.8 25.5 17:27 12.1 06:42 0003.9 0050.4 11.9 06.4 53.6 23:57 NNW 06 22.1 29.8 15:59 16.3 06:11 0000.3 0114.8 03.1 06.1 44.4 23:57 NNW 07 25.2 37.2 18:02 17.2 07:16 0000.0 0213.9 14.5 05.9 59.2 23:56 NNW 08 26.3 30.8 14:59 20.4 09:06 0000.0 0248.2 00.0 06.5 44.4 23:57 NNW 09 20.6 27.9 23:00 14.8 06:00 0002.7 0097.9 34.7 01.7 37.0 23:57 NNW 10 18.8 26.4 11:00 09.9 07:00 0018.8 0039.5 59.5 04.0 37.0 06:01 NNW 11 10.5 26.2 15:00 06.6 07:00 0114.7 0000.1 03.0 00.7 48.1 23:57 NNW 12 10.2 20.1 13:00 -00.2 08:00 0242.7 0000.0 26.9 05.9 46.3 15:00 NNW -------------------------------------------------------------------------------------------------------- 17.7 37.2 -0.2 1141.3 764.9 367.1 6.7 296.0 NNW Max > 32.0: 6 Max < 0.0: 0 Min < 0.0: 363 Min < -18.0: 0 Max > 32.0: 6 Max < 0.0: 0 Min < 0.0: 363 Min < -18.0: 0 Max < -5.0: 0 Min < -5.0: 0 Max < -10.0: 0 Min < -10.0: 0 Max < -15.0: 0 Min < -15.0: 0 Max < -20.0: 0 Min < -20.0: 0 Max < -25.0: 0 Min < -25.0: 0 Max Rain: 0.0 ON 31-01-21 Days of Rain: 38 (> .2mm) 21 (> 2mm) 0 (> 20mm)