NOAA-Style Climate Reports
Select a Year or Month report
2024: Ene Feb Mar Abr May Jun Jul Ago Sep Oct Nov Dic
2023: Ene Feb Mar Abr May Jun Jul Ago Sep Oct Nov Dic
2022: Ene Feb Mar Abr May Jun Jul Ago Sep Oct Nov Dic
2021: Ene Feb Mar Abr May Jun Jul Ago Sep Oct Nov Dic
2020: Ene Feb Mar Abr May Jun Jul Ago Sep Oct Nov Dic
2019: Ene Feb Mar Abr May Jun Jul Ago Sep Oct Nov Dic
2018: Ene Feb Mar Abr May Jun Jul Ago Sep Oct Nov Dic
2017: Ene Feb Mar Abr May Jun Jul Ago Sep Oct Nov Dic
2016: Ene Feb Mar Abr May Jun Jul Ago Sep Oct Nov Dic
2015: Ene Feb Mar Abr May Jun Jul Ago Sep Oct Nov Dic
2014: Ene Feb Mar Abr May Jun Jul Ago Sep Oct Nov Dic
2013: Ene Feb Mar Abr May Jun Jul Ago Sep Oct Nov Dic
2012: Ene Feb Mar Abr May Jun Jul Ago Sep Oct Nov Dic
2011: Ene Feb Mar Abr May Jun Jul Ago Sep Oct Nov Dic
2010: Ene Feb Mar Abr May Jun Jul Ago Sep Oct Nov Dic
2009: Ene Feb Mar Abr May Jun Jul Ago Sep Oct Nov Dic
2024: Ene Feb Mar Abr May Jun Jul Ago Sep Oct Nov Dic
2023: Ene Feb Mar Abr May Jun Jul Ago Sep Oct Nov Dic
2022: Ene Feb Mar Abr May Jun Jul Ago Sep Oct Nov Dic
2021: Ene Feb Mar Abr May Jun Jul Ago Sep Oct Nov Dic
2020: Ene Feb Mar Abr May Jun Jul Ago Sep Oct Nov Dic
2019: Ene Feb Mar Abr May Jun Jul Ago Sep Oct Nov Dic
2018: Ene Feb Mar Abr May Jun Jul Ago Sep Oct Nov Dic
2017: Ene Feb Mar Abr May Jun Jul Ago Sep Oct Nov Dic
2016: Ene Feb Mar Abr May Jun Jul Ago Sep Oct Nov Dic
2015: Ene Feb Mar Abr May Jun Jul Ago Sep Oct Nov Dic
2014: Ene Feb Mar Abr May Jun Jul Ago Sep Oct Nov Dic
2013: Ene Feb Mar Abr May Jun Jul Ago Sep Oct Nov Dic
2012: Ene Feb Mar Abr May Jun Jul Ago Sep Oct Nov Dic
2011: Ene Feb Mar Abr May Jun Jul Ago Sep Oct Nov Dic
2010: Ene Feb Mar Abr May Jun Jul Ago Sep Oct Nov Dic
2009: Ene Feb Mar Abr May Jun Jul Ago Sep Oct Nov Dic
Informe para el 2016
Daily NOAA report YEARLY CLIMATOLOGICAL SUMMARY for Dec 2016 NAME: Badalona-Progres CITY: Badalona STATE: España ELEV: 27 LAT: 41º 26'24" N LONG: 2º 15' 59" E TEMPERATURE ( °C), RAIN (mm), WIND SPEED (kmh) HEAT COOL AVG MEAN DEG DEG WIND DOM MTH TEMP HIGH TIME LOW TIME DAYS DAYS RAIN SPEED HIGH TIME DIR -------------------------------------------------------------------------------------------------------- 01 14.0 23.4 14:11 03.9 08:00 0134.0 0000.9 00.6 09.4 59.2 23:53 W 02 12.6 22.9 16:36 03.9 07:01 0167.5 0000.0 11.6 06.7 53.6 23:51 W 03 12.4 21.7 14:21 04.7 06:44 0184.4 0000.0 27.8 06.3 55.5 23:54 W 04 14.9 24.7 12:38 08.6 07:42 0102.7 0001.8 80.4 06.4 79.5 23:55 W 05 17.3 27.3 14:44 08.9 04:31 0036.8 0005.3 23.8 06.0 48.1 23:57 W 06 21.9 29.5 17:09 13.6 15:36 0000.3 0107.4 11.8 05.6 46.3 23:56 WSW 07 24.9 36.2 16:16 19.2 14:23 0000.0 0204.2 10.8 06.0 46.3 23:55 SSW 08 25.1 32.1 09:27 19.8 06:03 0000.0 0210.1 09.6 05.8 42.5 23:56 S 09 23.5 30.3 07:24 16.1 06:05 0000.0 0156.0 46.6 05.3 74.0 23:57 S 10 18.8 26.3 12:05 13.7 08:56 0016.6 0032.5 144.4 03.4 46.3 23:51 S 11 14.5 22.8 15:46 06.5 08:04 0114.0 0000.8 34.8 05.6 72.2 23:53 S 12 12.2 19.1 15:10 05.6 07:11 0190.3 0000.0 16.0 05.9 66.6 23:52 SW -------------------------------------------------------------------------------------------------------- 17.8 36.2 3.9 946.5 718.9 418.2 6.0 79.6 SW Max > 32.0: 5 Max < 0.0: 0 Min < 0.0: 366 Min < -18.0: 0 Max > 32.0: 5 Max < 0.0: 0 Min < 0.0: 366 Min < -18.0: 0 Max < -5.0: 0 Min < -5.0: 0 Max < -10.0: 0 Min < -10.0: 0 Max < -15.0: 0 Min < -15.0: 0 Max < -20.0: 0 Min < -20.0: 0 Max < -25.0: 0 Min < -25.0: 0 Max Rain: 0.0 ON 31-01-21 Days of Rain: 71 (> .2mm) 42 (> 2mm) 3 (> 20mm)