NOAA-Style Climate Reports
Select a Year or Month report
2024: Ene Feb Mar Abr May Jun Jul Ago Sep Oct Nov Dic
2023: Ene Feb Mar Abr May Jun Jul Ago Sep Oct Nov Dic
2022: Ene Feb Mar Abr May Jun Jul Ago Sep Oct Nov Dic
2021: Ene Feb Mar Abr May Jun Jul Ago Sep Oct Nov Dic
2020: Ene Feb Mar Abr May Jun Jul Ago Sep Oct Nov Dic
2019: Ene Feb Mar Abr May Jun Jul Ago Sep Oct Nov Dic
2018: Ene Feb Mar Abr May Jun Jul Ago Sep Oct Nov Dic
2017: Ene Feb Mar Abr May Jun Jul Ago Sep Oct Nov Dic
2016: Ene Feb Mar Abr May Jun Jul Ago Sep Oct Nov Dic
2015: Ene Feb Mar Abr May Jun Jul Ago Sep Oct Nov Dic
2014: Ene Feb Mar Abr May Jun Jul Ago Sep Oct Nov Dic
2013: Ene Feb Mar Abr May Jun Jul Ago Sep Oct Nov Dic
2012: Ene Feb Mar Abr May Jun Jul Ago Sep Oct Nov Dic
2011: Ene Feb Mar Abr May Jun Jul Ago Sep Oct Nov Dic
2010: Ene Feb Mar Abr May Jun Jul Ago Sep Oct Nov Dic
2009: Ene Feb Mar Abr May Jun Jul Ago Sep Oct Nov Dic
2024: Ene Feb Mar Abr May Jun Jul Ago Sep Oct Nov Dic
2023: Ene Feb Mar Abr May Jun Jul Ago Sep Oct Nov Dic
2022: Ene Feb Mar Abr May Jun Jul Ago Sep Oct Nov Dic
2021: Ene Feb Mar Abr May Jun Jul Ago Sep Oct Nov Dic
2020: Ene Feb Mar Abr May Jun Jul Ago Sep Oct Nov Dic
2019: Ene Feb Mar Abr May Jun Jul Ago Sep Oct Nov Dic
2018: Ene Feb Mar Abr May Jun Jul Ago Sep Oct Nov Dic
2017: Ene Feb Mar Abr May Jun Jul Ago Sep Oct Nov Dic
2016: Ene Feb Mar Abr May Jun Jul Ago Sep Oct Nov Dic
2015: Ene Feb Mar Abr May Jun Jul Ago Sep Oct Nov Dic
2014: Ene Feb Mar Abr May Jun Jul Ago Sep Oct Nov Dic
2013: Ene Feb Mar Abr May Jun Jul Ago Sep Oct Nov Dic
2012: Ene Feb Mar Abr May Jun Jul Ago Sep Oct Nov Dic
2011: Ene Feb Mar Abr May Jun Jul Ago Sep Oct Nov Dic
2010: Ene Feb Mar Abr May Jun Jul Ago Sep Oct Nov Dic
2009: Ene Feb Mar Abr May Jun Jul Ago Sep Oct Nov Dic
Informe para el 2021
Daily NOAA report YEARLY CLIMATOLOGICAL SUMMARY for Nov 2021 NAME: Badalona-Progres CITY: Badalona STATE: España ELEV: 27 LAT: 41º 26'24" N LONG: 2º 15' 59" E TEMPERATURE ( °C), RAIN (mm), WIND SPEED (kmh) HEAT COOL AVG MEAN DEG DEG WIND DOM MTH TEMP HIGH TIME LOW TIME DAYS DAYS RAIN SPEED HIGH TIME DIR -------------------------------------------------------------------------------------------------------- 01 09.7 22.8 15:54 01.4 08:26 0266.8 0000.0 16.2 07.7 66.6 23:57 SE 02 13.1 22.2 15:04 07.4 07:31 0146.0 0000.0 23.0 05.5 46.3 23:53 SE 03 12.7 18.9 16:56 06.1 07:22 0172.1 0000.0 09.4 05.9 44.4 23:57 SE 04 14.0 21.6 13:08 07.9 07:44 0128.5 0000.0 19.0 05.7 46.3 23:53 SSE 05 17.7 27.4 16:31 11.1 06:32 0029.8 0011.8 25.0 06.8 55.5 23:57 SE 06 23.5 30.4 14:31 17.9 06:45 0000.0 0155.4 02.8 05.8 44.4 23:54 SSW 07 25.3 31.5 15:42 18.7 22:23 0000.0 0216.2 12.0 07.8 46.3 23:55 NNW 08 25.0 33.8 18:46 18.1 07:45 0000.0 0206.3 14.8 05.7 40.7 23:57 NNW 09 23.8 30.1 16:21 16.1 20:30 0000.0 0165.9 37.0 06.0 42.5 23:58 NNW 10 19.2 25.6 14:11 13.1 05:01 0009.2 0034.8 89.0 04.3 44.4 23:57 NNW 11 13.3 22.6 16:51 05.3 08:11 0148.9 0001.2 62.2 06.2 66.6 23:57 N 12 12.3 21.9 16:01 05.6 01:41 0185.9 0000.0 01.4 04.6 64.8 23:56 ENE -------------------------------------------------------------------------------------------------------- 17.5 33.8 1.4 1087.3 791.6 311.8 6.0 66.6 ENE Max > 32.0: 10 Max < 0.0: 0 Min < 0.0: 365 Min < -18.0: 0 Max > 32.0: 10 Max < 0.0: 0 Min < 0.0: 365 Min < -18.0: 0 Max < -5.0: 0 Min < -5.0: 0 Max < -10.0: 0 Min < -10.0: 0 Max < -15.0: 0 Min < -15.0: 0 Max < -20.0: 0 Min < -20.0: 0 Max < -25.0: 0 Min < -25.0: 0 Max Rain: 0.0 ON 31-01-22 Days of Rain: 70 (> .2mm) 25 (> 2mm) 5 (> 20mm)