NOAA-Style Climate Reports
Select a Year or Month report
2024: Ene Feb Mar Abr May Jun Jul Ago Sep Oct Nov Dic
2023: Ene Feb Mar Abr May Jun Jul Ago Sep Oct Nov Dic
2022: Ene Feb Mar Abr May Jun Jul Ago Sep Oct Nov Dic
2021: Ene Feb Mar Abr May Jun Jul Ago Sep Oct Nov Dic
2020: Ene Feb Mar Abr May Jun Jul Ago Sep Oct Nov Dic
2019: Ene Feb Mar Abr May Jun Jul Ago Sep Oct Nov Dic
2018: Ene Feb Mar Abr May Jun Jul Ago Sep Oct Nov Dic
2017: Ene Feb Mar Abr May Jun Jul Ago Sep Oct Nov Dic
2016: Ene Feb Mar Abr May Jun Jul Ago Sep Oct Nov Dic
2015: Ene Feb Mar Abr May Jun Jul Ago Sep Oct Nov Dic
2014: Ene Feb Mar Abr May Jun Jul Ago Sep Oct Nov Dic
2013: Ene Feb Mar Abr May Jun Jul Ago Sep Oct Nov Dic
2012: Ene Feb Mar Abr May Jun Jul Ago Sep Oct Nov Dic
2011: Ene Feb Mar Abr May Jun Jul Ago Sep Oct Nov Dic
2010: Ene Feb Mar Abr May Jun Jul Ago Sep Oct Nov Dic
2009: Ene Feb Mar Abr May Jun Jul Ago Sep Oct Nov Dic
2024: Ene Feb Mar Abr May Jun Jul Ago Sep Oct Nov Dic
2023: Ene Feb Mar Abr May Jun Jul Ago Sep Oct Nov Dic
2022: Ene Feb Mar Abr May Jun Jul Ago Sep Oct Nov Dic
2021: Ene Feb Mar Abr May Jun Jul Ago Sep Oct Nov Dic
2020: Ene Feb Mar Abr May Jun Jul Ago Sep Oct Nov Dic
2019: Ene Feb Mar Abr May Jun Jul Ago Sep Oct Nov Dic
2018: Ene Feb Mar Abr May Jun Jul Ago Sep Oct Nov Dic
2017: Ene Feb Mar Abr May Jun Jul Ago Sep Oct Nov Dic
2016: Ene Feb Mar Abr May Jun Jul Ago Sep Oct Nov Dic
2015: Ene Feb Mar Abr May Jun Jul Ago Sep Oct Nov Dic
2014: Ene Feb Mar Abr May Jun Jul Ago Sep Oct Nov Dic
2013: Ene Feb Mar Abr May Jun Jul Ago Sep Oct Nov Dic
2012: Ene Feb Mar Abr May Jun Jul Ago Sep Oct Nov Dic
2011: Ene Feb Mar Abr May Jun Jul Ago Sep Oct Nov Dic
2010: Ene Feb Mar Abr May Jun Jul Ago Sep Oct Nov Dic
2009: Ene Feb Mar Abr May Jun Jul Ago Sep Oct Nov Dic
Informe para el 2020 Julio
Daily NOAA report MONTHLY CLIMATOLOGICAL SUMMARY for JUL. 2020 NAME: Badalona-Progres CITY: Badalona STATE: España ELEV: 27 LAT: 41º 26'24" N LONG: 2º 15' 59" E TEMPERATURE ( °C), RAIN (mm), WIND SPEED (kmh) HEAT COOL AVG MEAN DEG DEG WIND DOM DAY TEMP HIGH TIME LOW TIME DAYS DAYS RAIN SPEED HIGH TIME DIR -------------------------------------------------------------------------------------------------------- 01 25.7 28.0 17:31 22.9 06:55 00.0 07.4 00.0 05.0 18.5 16:07 WNW 02 25.9 27.9 16:21 23.9 06:30 00.0 07.6 00.0 07.4 37.0 13:55 NNW 03 23.5 25.4 00:30 21.0 06:59 00.0 05.2 08.2 07.6 35.1 16:22 NNE 04 24.2 25.9 20:53 22.1 07:18 00.0 05.9 00.4 07.6 29.6 16:46 NNW 05 25.8 30.6 18:54 21.3 06:39 00.0 07.5 00.0 07.0 29.6 16:08 NNE 06 25.6 27.4 09:06 23.1 06:36 00.0 07.3 00.0 07.3 20.4 19:02 W 07 24.9 26.6 14:22 23.4 07:07 00.0 06.6 00.0 05.5 20.4 13:27 NNW 08 25.0 27.7 15:46 22.3 06:52 00.0 06.7 00.0 06.3 22.2 15:46 NW 09 26.0 29.2 10:32 23.1 07:03 00.0 07.7 00.0 05.9 22.2 17:09 NW 10 26.1 30.7 18:14 24.1 03:43 00.0 07.8 00.0 05.3 29.6 14:40 W 11 25.7 28.8 10:52 22.4 06:44 00.0 07.4 00.0 05.9 25.9 18:02 N 12 25.2 28.8 10:21 23.0 06:45 00.0 06.9 00.0 06.7 25.9 17:08 NW 13 25.8 28.3 12:17 24.1 06:32 00.0 07.5 00.4 04.5 22.2 13:41 N 14 25.7 28.2 18:27 23.0 07:38 00.0 07.4 00.0 08.8 31.4 17:22 NE 15 24.8 27.7 16:18 22.3 08:24 00.0 06.5 00.0 08.8 31.4 16:29 NNW 16 23.2 25.8 15:46 20.4 07:50 00.0 04.9 08.6 07.2 25.9 03:17 WNW 17 24.6 27.0 17:50 22.6 05:25 00.0 06.3 00.0 07.7 37.0 15:48 NNW 18 25.2 27.6 13:59 23.2 05:27 00.0 06.9 00.0 06.3 29.6 15:32 NW 19 26.3 28.8 18:58 23.1 06:58 00.0 08.0 00.0 08.6 40.7 16:33 NNE 20 26.0 28.3 19:28 23.3 06:32 00.0 07.7 00.0 07.7 33.3 16:19 NNE 21 25.6 27.7 17:21 23.1 06:54 00.0 07.3 00.0 04.5 16.6 16:56 WNW 22 25.4 27.7 16:12 22.3 06:53 00.0 07.1 00.0 04.4 22.2 20:16 NW 23 26.8 28.8 16:26 24.7 06:54 00.0 08.5 00.0 04.0 16.6 05:13 WNW 24 26.9 28.9 18:51 25.0 06:59 00.0 08.6 00.0 06.2 25.9 17:04 NW 25 27.2 29.4 16:55 25.1 07:08 00.0 08.9 00.0 06.7 33.3 19:11 N 26 26.2 28.2 09:59 23.7 07:13 00.0 07.9 00.0 06.9 20.4 14:43 W 27 27.0 29.8 10:41 24.0 07:08 00.0 08.7 00.0 07.3 33.3 16:07 NNE 28 26.4 28.2 08:50 25.1 06:07 00.0 08.1 00.0 06.6 24.1 23:44 W 29 26.8 29.4 09:32 24.1 06:55 00.0 08.5 00.0 04.2 16.6 16:14 WNW 30 27.0 29.6 09:54 23.9 06:49 00.0 08.7 00.0 03.8 16.6 17:02 W 31 27.3 28.8 20:43 25.0 06:19 00.0 09.0 00.0 04.6 18.5 12:16 W -------------------------------------------------------------------------------------------------------- 25.7 (25.7) 30.7 day 10 20.4 day 16 000.0 230.5 017.6 06.3 40.7 day 19 NW Max > 30: 2 Min < 30: 31 Max Rain: 8.6 ON 16-07-20 Days of Rain: 4 (> .2mm) 2 (> 2mm) 0 (> 20mm)