NOAA-Style Climate Reports
Select a Year or Month report
2024: Ene Feb Mar Abr May Jun Jul Ago Sep Oct Nov Dic
2023: Ene Feb Mar Abr May Jun Jul Ago Sep Oct Nov Dic
2022: Ene Feb Mar Abr May Jun Jul Ago Sep Oct Nov Dic
2021: Ene Feb Mar Abr May Jun Jul Ago Sep Oct Nov Dic
2020: Ene Feb Mar Abr May Jun Jul Ago Sep Oct Nov Dic
2019: Ene Feb Mar Abr May Jun Jul Ago Sep Oct Nov Dic
2018: Ene Feb Mar Abr May Jun Jul Ago Sep Oct Nov Dic
2017: Ene Feb Mar Abr May Jun Jul Ago Sep Oct Nov Dic
2016: Ene Feb Mar Abr May Jun Jul Ago Sep Oct Nov Dic
2015: Ene Feb Mar Abr May Jun Jul Ago Sep Oct Nov Dic
2014: Ene Feb Mar Abr May Jun Jul Ago Sep Oct Nov Dic
2013: Ene Feb Mar Abr May Jun Jul Ago Sep Oct Nov Dic
2012: Ene Feb Mar Abr May Jun Jul Ago Sep Oct Nov Dic
2011: Ene Feb Mar Abr May Jun Jul Ago Sep Oct Nov Dic
2010: Ene Feb Mar Abr May Jun Jul Ago Sep Oct Nov Dic
2009: Ene Feb Mar Abr May Jun Jul Ago Sep Oct Nov Dic
2024: Ene Feb Mar Abr May Jun Jul Ago Sep Oct Nov Dic
2023: Ene Feb Mar Abr May Jun Jul Ago Sep Oct Nov Dic
2022: Ene Feb Mar Abr May Jun Jul Ago Sep Oct Nov Dic
2021: Ene Feb Mar Abr May Jun Jul Ago Sep Oct Nov Dic
2020: Ene Feb Mar Abr May Jun Jul Ago Sep Oct Nov Dic
2019: Ene Feb Mar Abr May Jun Jul Ago Sep Oct Nov Dic
2018: Ene Feb Mar Abr May Jun Jul Ago Sep Oct Nov Dic
2017: Ene Feb Mar Abr May Jun Jul Ago Sep Oct Nov Dic
2016: Ene Feb Mar Abr May Jun Jul Ago Sep Oct Nov Dic
2015: Ene Feb Mar Abr May Jun Jul Ago Sep Oct Nov Dic
2014: Ene Feb Mar Abr May Jun Jul Ago Sep Oct Nov Dic
2013: Ene Feb Mar Abr May Jun Jul Ago Sep Oct Nov Dic
2012: Ene Feb Mar Abr May Jun Jul Ago Sep Oct Nov Dic
2011: Ene Feb Mar Abr May Jun Jul Ago Sep Oct Nov Dic
2010: Ene Feb Mar Abr May Jun Jul Ago Sep Oct Nov Dic
2009: Ene Feb Mar Abr May Jun Jul Ago Sep Oct Nov Dic
Informe para el 2019 Junio
Daily NOAA report MONTHLY CLIMATOLOGICAL SUMMARY for JUN. 2019 NAME: Badalona-Progres CITY: Badalona STATE: España ELEV: 27 LAT: 41º 26'24" N LONG: 2º 15' 59" E TEMPERATURE ( °C), RAIN (mm), WIND SPEED (kmh) HEAT COOL AVG MEAN DEG DEG WIND DOM DAY TEMP HIGH TIME LOW TIME DAYS DAYS RAIN SPEED HIGH TIME DIR -------------------------------------------------------------------------------------------------------- 01 21.2 24.0 18:13 19.0 00:00 00.0 02.9 00.0 07.6 29.6 16:42 S 02 21.8 25.5 14:52 18.1 01:51 00.0 03.5 00.0 07.0 31.4 14:39 S 03 21.6 25.1 18:58 19.5 06:32 00.0 03.3 00.0 06.4 29.6 16:10 SSE 04 20.9 22.6 16:21 18.6 06:55 00.0 02.6 00.0 05.3 27.8 14:17 SSE 05 20.5 25.8 16:14 18.0 00:00 00.0 02.2 00.0 07.5 46.3 16:39 NNE 06 18.8 20.7 16:16 17.2 05:45 00.0 00.5 00.0 05.8 24.1 15:29 SE 07 21.6 28.8 18:54 18.3 00:35 00.0 03.3 00.0 08.8 44.4 21:03 SE 08 19.4 21.2 00:00 16.6 06:19 00.0 01.1 00.0 06.6 29.6 16:21 ENE 09 21.3 26.4 12:19 19.5 22:49 00.0 03.0 00.0 03.8 22.2 15:35 E 10 22.4 27.3 13:41 18.3 06:42 00.0 04.1 00.0 08.2 31.4 22:38 SSE 11 16.0 19.0 00:52 13.9 20:55 02.3 00.0 19.4 04.6 29.6 13:06 ENE 12 16.5 19.3 17:03 12.4 06:48 01.8 00.0 00.0 08.3 31.4 13:53 S 13 17.9 19.7 23:34 14.5 06:51 00.4 00.0 00.0 06.9 29.6 16:05 ENE 14 22.9 26.5 15:09 19.3 02:28 00.0 04.6 00.0 07.9 44.4 18:15 SSW 15 19.8 21.4 08:42 18.4 05:53 00.0 01.5 00.0 05.4 24.1 16:52 ENE 16 20.7 23.1 18:24 17.8 06:33 00.0 02.4 00.0 07.3 35.1 16:54 SSE 17 21.4 24.0 17:18 18.4 06:46 00.0 03.1 00.0 06.5 29.6 16:43 SSE 18 22.7 26.6 10:13 20.0 05:23 00.0 04.4 00.0 07.4 35.1 17:35 SSE 19 21.9 23.9 16:16 20.0 07:23 00.0 03.6 00.0 05.7 29.6 14:31 SSE 20 20.9 22.4 17:06 19.9 07:00 00.0 02.6 00.0 05.7 22.2 17:27 ENE 21 22.1 25.4 11:41 20.0 04:17 00.0 03.8 00.0 04.4 20.4 16:42 ESE 22 23.5 27.1 18:50 20.6 06:46 00.0 05.2 00.0 08.0 38.9 17:33 S 23 22.7 25.3 17:49 20.2 05:02 00.0 04.4 00.0 06.1 31.4 15:30 SE 24 22.6 25.1 15:43 21.1 01:29 00.0 04.3 00.0 08.6 38.9 15:51 NE 25 23.8 25.9 12:30 22.3 07:24 00.0 05.5 00.0 10.7 29.6 18:48 NE 26 25.8 28.5 08:46 24.2 00:44 00.0 07.5 00.0 08.1 29.6 17:22 NE 27 25.5 29.8 09:19 23.4 06:45 00.0 07.2 00.0 02.9 14.8 16:32 E 28 29.8 37.0 15:24 24.6 05:49 00.0 11.5 00.0 03.5 27.8 08:12 SSE 29 28.8 33.0 00:05 26.7 20:51 00.0 10.5 00.0 05.3 25.9 01:00 NE 30 24.9 27.1 00:38 22.5 06:56 00.0 06.6 00.0 03.8 16.6 15:25 ESE -------------------------------------------------------------------------------------------------------- 22.0 (22.3) 37.0 day 28 12.4 day 12 004.5 115.1 019.4 06.5 46.3 day 14 ESE Max > 30: 2 Min < 30: 30 Max Rain: 19.4 ON 11-06-19 Days of Rain: 1 (> .2mm) 1 (> 2mm) 0 (> 20mm)