NOAA-Style Climate Reports
Select a Year or Month report
2024: Ene Feb Mar Abr May Jun Jul Ago Sep Oct Nov Dic
2023: Ene Feb Mar Abr May Jun Jul Ago Sep Oct Nov Dic
2022: Ene Feb Mar Abr May Jun Jul Ago Sep Oct Nov Dic
2021: Ene Feb Mar Abr May Jun Jul Ago Sep Oct Nov Dic
2020: Ene Feb Mar Abr May Jun Jul Ago Sep Oct Nov Dic
2019: Ene Feb Mar Abr May Jun Jul Ago Sep Oct Nov Dic
2018: Ene Feb Mar Abr May Jun Jul Ago Sep Oct Nov Dic
2017: Ene Feb Mar Abr May Jun Jul Ago Sep Oct Nov Dic
2016: Ene Feb Mar Abr May Jun Jul Ago Sep Oct Nov Dic
2015: Ene Feb Mar Abr May Jun Jul Ago Sep Oct Nov Dic
2014: Ene Feb Mar Abr May Jun Jul Ago Sep Oct Nov Dic
2013: Ene Feb Mar Abr May Jun Jul Ago Sep Oct Nov Dic
2012: Ene Feb Mar Abr May Jun Jul Ago Sep Oct Nov Dic
2011: Ene Feb Mar Abr May Jun Jul Ago Sep Oct Nov Dic
2010: Ene Feb Mar Abr May Jun Jul Ago Sep Oct Nov Dic
2009: Ene Feb Mar Abr May Jun Jul Ago Sep Oct Nov Dic
2024: Ene Feb Mar Abr May Jun Jul Ago Sep Oct Nov Dic
2023: Ene Feb Mar Abr May Jun Jul Ago Sep Oct Nov Dic
2022: Ene Feb Mar Abr May Jun Jul Ago Sep Oct Nov Dic
2021: Ene Feb Mar Abr May Jun Jul Ago Sep Oct Nov Dic
2020: Ene Feb Mar Abr May Jun Jul Ago Sep Oct Nov Dic
2019: Ene Feb Mar Abr May Jun Jul Ago Sep Oct Nov Dic
2018: Ene Feb Mar Abr May Jun Jul Ago Sep Oct Nov Dic
2017: Ene Feb Mar Abr May Jun Jul Ago Sep Oct Nov Dic
2016: Ene Feb Mar Abr May Jun Jul Ago Sep Oct Nov Dic
2015: Ene Feb Mar Abr May Jun Jul Ago Sep Oct Nov Dic
2014: Ene Feb Mar Abr May Jun Jul Ago Sep Oct Nov Dic
2013: Ene Feb Mar Abr May Jun Jul Ago Sep Oct Nov Dic
2012: Ene Feb Mar Abr May Jun Jul Ago Sep Oct Nov Dic
2011: Ene Feb Mar Abr May Jun Jul Ago Sep Oct Nov Dic
2010: Ene Feb Mar Abr May Jun Jul Ago Sep Oct Nov Dic
2009: Ene Feb Mar Abr May Jun Jul Ago Sep Oct Nov Dic
Informe para el 2018 Septiembre
Daily NOAA report MONTHLY CLIMATOLOGICAL SUMMARY for SEP. 2018 NAME: Badalona-Progres CITY: Badalona STATE: España ELEV: 27 LAT: 41º 26'24" N LONG: 2º 15' 59" E TEMPERATURE ( °C), RAIN (mm), WIND SPEED (kmh) HEAT COOL AVG MEAN DEG DEG WIND DOM DAY TEMP HIGH TIME LOW TIME DAYS DAYS RAIN SPEED HIGH TIME DIR -------------------------------------------------------------------------------------------------------- 01 24.3 26.2 16:42 23.4 07:31 00.0 06.0 00.0 04.9 25.9 10:10 E 02 24.5 25.9 14:33 22.4 05:52 00.0 06.2 00.0 06.7 24.1 19:42 ENE 03 24.7 26.4 13:41 23.2 06:22 00.0 06.4 00.0 05.9 27.8 18:57 ENE 04 25.0 26.9 11:58 24.0 00:00 00.0 06.7 00.0 07.7 29.6 18:27 ENE 05 24.3 25.9 10:42 22.2 08:02 00.0 06.0 00.0 06.1 24.1 16:49 ENE 06 23.6 25.8 12:00 20.4 04:00 00.0 05.3 35.6 06.0 31.4 17:41 ENE 07 23.4 26.8 11:39 19.8 23:42 00.0 05.1 63.0 07.6 29.6 22:59 S 08 23.6 26.6 15:34 20.2 00:08 00.0 05.3 00.2 03.8 18.5 17:19 SE 09 24.4 26.1 17:20 22.7 08:35 00.0 06.1 00.0 05.2 22.2 17:41 ENE 10 23.4 24.9 16:06 21.7 07:42 00.0 05.1 00.0 02.2 12.9 16:00 E 11 24.5 28.0 10:54 21.1 07:37 00.0 06.2 00.0 04.5 18.5 23:28 E 12 24.0 26.6 16:04 21.3 19:52 00.0 05.7 12.0 05.7 31.4 19:03 NNE 13 24.0 27.8 12:28 20.6 07:25 00.0 05.7 00.0 06.8 35.1 16:17 S 14 24.5 27.6 18:44 21.6 08:11 00.0 06.2 00.0 05.0 25.9 17:32 SE 15 24.3 25.7 12:16 23.4 05:29 00.0 06.0 00.0 03.5 18.5 16:13 E 16 24.2 27.4 13:41 21.7 03:49 00.0 05.9 00.0 03.8 22.2 14:52 SSE 17 24.2 26.2 14:47 21.9 06:41 00.0 05.9 00.0 04.6 20.4 16:28 ENE 18 23.1 25.3 12:54 20.1 09:28 00.0 04.8 03.0 04.4 29.6 14:29 NE 19 23.7 26.5 11:02 20.9 07:42 00.0 05.4 00.0 03.5 18.5 16:43 ESE 20 25.5 30.2 12:21 21.9 07:49 00.0 07.2 00.0 05.1 24.1 02:43 WSW 21 24.8 28.3 11:19 22.5 04:44 00.0 06.5 00.0 07.6 27.8 16:36 NNE 22 25.3 28.7 16:46 22.7 06:06 00.0 07.0 00.0 05.1 29.6 15:48 SSE 23 25.8 29.2 18:18 22.6 08:17 00.0 07.5 00.0 05.1 27.8 15:44 S 24 24.5 26.1 00:12 22.9 07:51 00.0 06.2 00.0 05.8 24.1 12:53 E 25 22.2 24.5 14:20 19.6 07:12 00.0 03.9 00.0 09.6 44.4 18:59 NE 26 22.0 23.4 12:07 19.8 00:00 00.0 03.7 00.0 13.5 44.4 12:35 NE 27 20.3 23.1 11:07 16.6 08:13 00.0 02.0 00.0 04.8 18.5 16:03 E 28 22.9 28.6 18:14 17.5 07:04 00.0 04.6 00.0 05.6 29.6 15:41 SW 29 22.7 24.1 15:50 20.2 08:10 00.0 04.4 00.0 08.1 29.6 16:38 NE 30 23.2 27.3 15:45 20.3 07:30 00.0 04.9 00.0 06.4 33.3 16:01 S -------------------------------------------------------------------------------------------------------- 23.9 (23.9) 30.2 day 20 16.6 day 27 000.0 167.9 113.8 05.8 44.4 day 25 E Max > 30: 1 Min < 30: 30 Max Rain: 63.0 ON 7-09-21 Days of Rain: 5 (> .2mm) 4 (> 2mm) 2 (> 20mm)