NOAA-Style Climate Reports
Select a Year or Month report
2024: Ene Feb Mar Abr May Jun Jul Ago Sep Oct Nov Dic
2023: Ene Feb Mar Abr May Jun Jul Ago Sep Oct Nov Dic
2022: Ene Feb Mar Abr May Jun Jul Ago Sep Oct Nov Dic
2021: Ene Feb Mar Abr May Jun Jul Ago Sep Oct Nov Dic
2020: Ene Feb Mar Abr May Jun Jul Ago Sep Oct Nov Dic
2019: Ene Feb Mar Abr May Jun Jul Ago Sep Oct Nov Dic
2018: Ene Feb Mar Abr May Jun Jul Ago Sep Oct Nov Dic
2017: Ene Feb Mar Abr May Jun Jul Ago Sep Oct Nov Dic
2016: Ene Feb Mar Abr May Jun Jul Ago Sep Oct Nov Dic
2015: Ene Feb Mar Abr May Jun Jul Ago Sep Oct Nov Dic
2014: Ene Feb Mar Abr May Jun Jul Ago Sep Oct Nov Dic
2013: Ene Feb Mar Abr May Jun Jul Ago Sep Oct Nov Dic
2012: Ene Feb Mar Abr May Jun Jul Ago Sep Oct Nov Dic
2011: Ene Feb Mar Abr May Jun Jul Ago Sep Oct Nov Dic
2010: Ene Feb Mar Abr May Jun Jul Ago Sep Oct Nov Dic
2009: Ene Feb Mar Abr May Jun Jul Ago Sep Oct Nov Dic
2024: Ene Feb Mar Abr May Jun Jul Ago Sep Oct Nov Dic
2023: Ene Feb Mar Abr May Jun Jul Ago Sep Oct Nov Dic
2022: Ene Feb Mar Abr May Jun Jul Ago Sep Oct Nov Dic
2021: Ene Feb Mar Abr May Jun Jul Ago Sep Oct Nov Dic
2020: Ene Feb Mar Abr May Jun Jul Ago Sep Oct Nov Dic
2019: Ene Feb Mar Abr May Jun Jul Ago Sep Oct Nov Dic
2018: Ene Feb Mar Abr May Jun Jul Ago Sep Oct Nov Dic
2017: Ene Feb Mar Abr May Jun Jul Ago Sep Oct Nov Dic
2016: Ene Feb Mar Abr May Jun Jul Ago Sep Oct Nov Dic
2015: Ene Feb Mar Abr May Jun Jul Ago Sep Oct Nov Dic
2014: Ene Feb Mar Abr May Jun Jul Ago Sep Oct Nov Dic
2013: Ene Feb Mar Abr May Jun Jul Ago Sep Oct Nov Dic
2012: Ene Feb Mar Abr May Jun Jul Ago Sep Oct Nov Dic
2011: Ene Feb Mar Abr May Jun Jul Ago Sep Oct Nov Dic
2010: Ene Feb Mar Abr May Jun Jul Ago Sep Oct Nov Dic
2009: Ene Feb Mar Abr May Jun Jul Ago Sep Oct Nov Dic
Informe para el 2018 Mayo
Daily NOAA report MONTHLY CLIMATOLOGICAL SUMMARY for MAY. 2018 NAME: Badalona-Progres CITY: Badalona STATE: Barcelona ELEV: 27 LAT: 041:26:42 LONG: -002:14:36 TEMPERATURE ( °C), RAIN (mm), WIND SPEED (kmh) HEAT COOL AVG MEAN DEG DEG WIND DOM DAY TEMP HIGH TIME LOW TIME DAYS DAYS RAIN SPEED HIGH TIME DIR -------------------------------------------------------------------------------------------------------- 01 12.7 16.3 14:57 09.8 08:53 05.6 00.0 08.4 05.6 29.6 18:24 WNW 02 13.3 17.2 17:19 07.9 07:13 05.0 00.0 00.0 07.6 29.6 08:21 WSW 03 16.1 23.5 14:03 12.3 05:41 02.2 00.0 01.6 04.2 24.1 14:25 WNW 04 16.2 19.3 18:17 13.3 08:59 02.1 00.0 00.0 05.4 29.6 05:25 W 05 17.5 21.2 15:54 15.2 11:17 00.8 00.0 01.2 06.4 29.6 08:33 WNW 06 17.9 22.8 15:34 15.4 11:49 00.4 00.0 03.8 03.7 29.6 08:22 WSW 07 18.6 21.5 17:33 16.8 22:29 00.0 00.3 00.2 02.7 22.2 16:37 SE 08 17.6 21.4 14:57 15.7 07:06 00.7 00.0 00.4 03.0 16.6 15:35 ESE 09 17.4 23.7 12:08 15.2 06:56 00.9 00.0 00.4 05.6 25.9 08:49 NNW 10 17.2 19.3 11:37 15.8 05:20 01.1 00.0 00.0 04.2 22.2 12:55 E 11 18.9 22.9 14:44 15.8 07:50 00.0 00.6 00.0 07.5 40.7 14:17 SSW 12 17.4 20.2 10:22 15.1 00:00 00.9 00.0 03.4 06.1 31.4 13:51 SSE 13 13.3 15.9 15:12 10.1 08:32 05.0 00.0 19.6 06.7 33.3 00:20 NE 14 13.9 17.6 16:13 09.9 06:55 04.4 00.0 00.0 06.8 29.6 18:31 NE 15 15.8 21.7 13:11 11.8 05:24 02.5 00.0 00.0 06.3 29.6 15:35 NNE 16 16.3 18.9 16:39 13.7 06:27 02.0 00.0 00.0 03.0 16.6 10:04 E 17 18.0 22.6 12:00 16.0 05:09 00.3 00.0 00.0 02.9 24.1 15:11 ESE 18 18.3 19.4 01:03 17.0 07:01 00.0 00.0 00.0 03.0 14.8 03:02 N 19 19.6 21.7 12:02 15.7 11:01 00.0 01.3 00.0 04.4 12.9 01:01 SE 20 19.3 23.4 11:11 16.5 06:10 00.0 01.0 00.0 04.7 22.2 13:30 ENE 21 17.7 19.7 12:22 16.1 07:08 00.6 00.0 00.0 02.3 18.5 13:29 ESE 22 18.8 21.1 15:32 17.3 06:36 00.0 00.5 00.0 03.5 16.6 17:51 ESE 23 19.1 21.9 10:11 16.0 06:48 00.0 00.8 00.0 07.5 29.6 18:51 SSE 24 19.7 21.8 17:29 17.7 05:53 00.0 01.4 00.0 03.6 18.5 13:09 ESE 25 20.1 22.9 16:28 17.4 06:44 00.0 01.8 00.2 08.7 35.1 19:15 NE 26 20.3 22.1 13:52 18.6 05:11 00.0 02.0 03.0 12.3 35.1 11:57 NE 27 20.8 22.2 15:31 19.2 06:44 00.0 02.5 00.0 10.0 33.3 16:24 NE 28 20.3 23.2 17:15 19.1 08:27 00.0 02.0 00.0 07.6 29.6 16:14 E 29 21.2 24.8 19:03 17.6 07:18 00.0 02.9 00.2 08.6 37.0 11:52 SSE 30 20.8 22.8 14:46 19.4 23:56 00.0 02.5 00.0 05.8 25.9 19:54 SSE 31 19.7 22.0 18:12 16.8 06:32 00.0 01.4 00.0 05.7 18.5 13:13 E -------------------------------------------------------------------------------------------------------- 17.9 (18.2) 24.8 day 29 07.9 day 02 034.4 021.3 042.6 05.7 40.7 day 26 E Min < 30: 31 Max Rain: 19.6 ON 13-05-18 Days of Rain: 12 (> .2mm) 5 (> 2mm) 0 (> 20mm)