NOAA-Style Climate Reports
Select a Year or Month report
2024: Ene Feb Mar Abr May Jun Jul Ago Sep Oct Nov Dic
2023: Ene Feb Mar Abr May Jun Jul Ago Sep Oct Nov Dic
2022: Ene Feb Mar Abr May Jun Jul Ago Sep Oct Nov Dic
2021: Ene Feb Mar Abr May Jun Jul Ago Sep Oct Nov Dic
2020: Ene Feb Mar Abr May Jun Jul Ago Sep Oct Nov Dic
2019: Ene Feb Mar Abr May Jun Jul Ago Sep Oct Nov Dic
2018: Ene Feb Mar Abr May Jun Jul Ago Sep Oct Nov Dic
2017: Ene Feb Mar Abr May Jun Jul Ago Sep Oct Nov Dic
2016: Ene Feb Mar Abr May Jun Jul Ago Sep Oct Nov Dic
2015: Ene Feb Mar Abr May Jun Jul Ago Sep Oct Nov Dic
2014: Ene Feb Mar Abr May Jun Jul Ago Sep Oct Nov Dic
2013: Ene Feb Mar Abr May Jun Jul Ago Sep Oct Nov Dic
2012: Ene Feb Mar Abr May Jun Jul Ago Sep Oct Nov Dic
2011: Ene Feb Mar Abr May Jun Jul Ago Sep Oct Nov Dic
2010: Ene Feb Mar Abr May Jun Jul Ago Sep Oct Nov Dic
2009: Ene Feb Mar Abr May Jun Jul Ago Sep Oct Nov Dic
2024: Ene Feb Mar Abr May Jun Jul Ago Sep Oct Nov Dic
2023: Ene Feb Mar Abr May Jun Jul Ago Sep Oct Nov Dic
2022: Ene Feb Mar Abr May Jun Jul Ago Sep Oct Nov Dic
2021: Ene Feb Mar Abr May Jun Jul Ago Sep Oct Nov Dic
2020: Ene Feb Mar Abr May Jun Jul Ago Sep Oct Nov Dic
2019: Ene Feb Mar Abr May Jun Jul Ago Sep Oct Nov Dic
2018: Ene Feb Mar Abr May Jun Jul Ago Sep Oct Nov Dic
2017: Ene Feb Mar Abr May Jun Jul Ago Sep Oct Nov Dic
2016: Ene Feb Mar Abr May Jun Jul Ago Sep Oct Nov Dic
2015: Ene Feb Mar Abr May Jun Jul Ago Sep Oct Nov Dic
2014: Ene Feb Mar Abr May Jun Jul Ago Sep Oct Nov Dic
2013: Ene Feb Mar Abr May Jun Jul Ago Sep Oct Nov Dic
2012: Ene Feb Mar Abr May Jun Jul Ago Sep Oct Nov Dic
2011: Ene Feb Mar Abr May Jun Jul Ago Sep Oct Nov Dic
2010: Ene Feb Mar Abr May Jun Jul Ago Sep Oct Nov Dic
2009: Ene Feb Mar Abr May Jun Jul Ago Sep Oct Nov Dic
Informe para el 2012 Noviembre
Daily NOAA report MONTHLY CLIMATOLOGICAL SUMMARY for NOV. 2012 NAME: Badalona-Progres CITY: Badalona STATE: España ELEV: 27 LAT: 41º 26'24" N LONG: 2º 15' 59" E TEMPERATURE ( °C), RAIN (mm), WIND SPEED (kmh) HEAT COOL AVG MEAN DEG DEG WIND DOM DAY TEMP HIGH TIME LOW TIME DAYS DAYS RAIN SPEED HIGH TIME DIR -------------------------------------------------------------------------------------------------------- 01 16.9 19.2 14:00 11.5 03:01 01.4 00.0 00.0 05.9 35.1 03:01 WSW 02 18.6 21.1 13:01 13.0 04:00 00.0 00.3 00.0 06.0 29.6 04:00 W 03 18.2 21.1 15:00 14.5 02:00 00.1 00.0 00.0 05.8 20.4 02:00 ESE 04 17.1 20.9 12:00 15.1 21:00 01.2 00.0 00.5 11.1 31.4 12:00 WNW 05 15.5 17.7 13:00 12.3 22:00 02.8 00.0 00.1 03.2 31.4 13:00 WNW 06 14.9 16.3 00:00 10.8 04:00 03.4 00.0 00.5 05.1 25.9 04:00 NW 07 15.0 16.9 00:00 07.9 06:01 03.3 00.0 00.0 03.3 27.8 06:01 NNE 08 15.6 17.2 13:01 09.5 03:00 02.7 00.0 00.0 06.4 22.2 13:01 W 09 16.0 19.2 13:00 12.2 06:01 02.3 00.0 00.8 06.8 25.9 06:01 WNW 10 16.2 19.8 14:00 13.6 04:00 02.1 00.0 00.1 06.6 22.2 04:00 WNW 11 14.8 16.5 14:00 11.6 23:00 03.5 00.0 00.0 02.9 22.2 14:00 NW 12 16.1 18.7 15:00 09.6 04:00 02.2 00.0 00.0 02.1 27.8 04:00 WNW 13 15.7 18.6 15:00 08.5 05:00 02.6 00.0 00.0 03.9 35.1 05:00 WNW 14 16.3 18.9 14:00 14.7 00:00 02.0 00.0 00.0 06.8 25.9 14:00 W 15 15.2 17.8 09:00 13.6 23:00 03.1 00.0 00.0 03.9 16.6 11:00 NW 16 14.7 17.9 12:01 12.1 04:00 03.6 00.0 03.2 10.9 27.8 04:00 NNE 17 15.2 16.6 11:01 14.1 18:00 03.1 00.0 00.4 09.9 25.9 11:01 ENE 18 14.6 15.3 23:00 14.3 02:00 03.7 00.0 00.9 11.1 22.2 00:00 ENE 19 14.5 18.4 14:00 11.8 23:00 03.8 00.0 00.0 02.5 25.9 14:00 WNW 20 14.4 16.6 13:01 09.8 06:00 03.9 00.0 00.0 02.4 18.5 06:00 WNW 21 15.3 18.6 12:01 11.6 03:00 03.0 00.0 00.0 07.0 24.1 03:00 W 22 15.2 18.1 12:01 11.6 03:00 03.1 00.0 00.0 06.2 22.2 03:00 WNW 23 13.9 18.4 14:00 10.9 06:01 04.4 00.0 00.0 02.9 25.9 06:01 WNW 24 13.4 19.2 14:00 11.6 18:00 04.9 00.0 00.0 07.8 27.8 06:01 NW 25 12.8 16.7 09:00 11.1 07:00 05.5 00.0 00.0 07.4 18.5 00:00 WNW 26 12.9 17.8 11:00 08.2 00:00 05.4 00.0 00.5 07.6 27.8 11:00 WNW 27 09.5 12.4 01:00 07.5 20:00 08.8 00.0 22.8 09.3 31.4 01:00 NNW 28 10.3 12.8 00:00 07.6 00:01 08.0 00.0 00.1 06.6 31.4 00:01 N 29 12.1 15.3 14:01 06.6 23:00 06.2 00.0 00.0 06.4 33.3 14:01 WNW 30 12.9 12.9 23:37 03.1 06:32 05.4 00.0 00.0 05.1 27.8 23:37 NW -------------------------------------------------------------------------------------------------------- 14.8 (14.3) 21.1 day 03 03.1 day 30 105.5 000.3 030.2 06.1 35.2 day 30 NW Min < 30: 30 Max Rain: 22.8 ON 27-11-21 Days of Rain: 8 (> .2mm) 2 (> 2mm) 1 (> 20mm)