NOAA-Style Climate Reports
Select a Year or Month report
2024: Ene Feb Mar Abr May Jun Jul Ago Sep Oct Nov Dic
2023: Ene Feb Mar Abr May Jun Jul Ago Sep Oct Nov Dic
2022: Ene Feb Mar Abr May Jun Jul Ago Sep Oct Nov Dic
2021: Ene Feb Mar Abr May Jun Jul Ago Sep Oct Nov Dic
2020: Ene Feb Mar Abr May Jun Jul Ago Sep Oct Nov Dic
2019: Ene Feb Mar Abr May Jun Jul Ago Sep Oct Nov Dic
2018: Ene Feb Mar Abr May Jun Jul Ago Sep Oct Nov Dic
2017: Ene Feb Mar Abr May Jun Jul Ago Sep Oct Nov Dic
2016: Ene Feb Mar Abr May Jun Jul Ago Sep Oct Nov Dic
2015: Ene Feb Mar Abr May Jun Jul Ago Sep Oct Nov Dic
2014: Ene Feb Mar Abr May Jun Jul Ago Sep Oct Nov Dic
2013: Ene Feb Mar Abr May Jun Jul Ago Sep Oct Nov Dic
2012: Ene Feb Mar Abr May Jun Jul Ago Sep Oct Nov Dic
2011: Ene Feb Mar Abr May Jun Jul Ago Sep Oct Nov Dic
2010: Ene Feb Mar Abr May Jun Jul Ago Sep Oct Nov Dic
2009: Ene Feb Mar Abr May Jun Jul Ago Sep Oct Nov Dic
2024: Ene Feb Mar Abr May Jun Jul Ago Sep Oct Nov Dic
2023: Ene Feb Mar Abr May Jun Jul Ago Sep Oct Nov Dic
2022: Ene Feb Mar Abr May Jun Jul Ago Sep Oct Nov Dic
2021: Ene Feb Mar Abr May Jun Jul Ago Sep Oct Nov Dic
2020: Ene Feb Mar Abr May Jun Jul Ago Sep Oct Nov Dic
2019: Ene Feb Mar Abr May Jun Jul Ago Sep Oct Nov Dic
2018: Ene Feb Mar Abr May Jun Jul Ago Sep Oct Nov Dic
2017: Ene Feb Mar Abr May Jun Jul Ago Sep Oct Nov Dic
2016: Ene Feb Mar Abr May Jun Jul Ago Sep Oct Nov Dic
2015: Ene Feb Mar Abr May Jun Jul Ago Sep Oct Nov Dic
2014: Ene Feb Mar Abr May Jun Jul Ago Sep Oct Nov Dic
2013: Ene Feb Mar Abr May Jun Jul Ago Sep Oct Nov Dic
2012: Ene Feb Mar Abr May Jun Jul Ago Sep Oct Nov Dic
2011: Ene Feb Mar Abr May Jun Jul Ago Sep Oct Nov Dic
2010: Ene Feb Mar Abr May Jun Jul Ago Sep Oct Nov Dic
2009: Ene Feb Mar Abr May Jun Jul Ago Sep Oct Nov Dic
Informe para el 2011 Abril
Daily NOAA report MONTHLY CLIMATOLOGICAL SUMMARY for APR. 2011 NAME: Badalona-Progres CITY: Badalona STATE: España ELEV: 27 LAT: 41º 26'24" N LONG: 2º 15' 59" E TEMPERATURE ( °C), RAIN (mm), WIND SPEED (kmh) HEAT COOL AVG MEAN DEG DEG WIND DOM DAY TEMP HIGH TIME LOW TIME DAYS DAYS RAIN SPEED HIGH TIME DIR -------------------------------------------------------------------------------------------------------- 01 15.1 21.6 18:00 13.0 06:00 03.2 00.0 00.0 07.1 25.9 00:01 W 02 16.3 23.3 12:00 14.2 00:00 02.0 00.0 00.0 05.2 33.3 18:00 NE 03 15.4 19.6 18:00 13.4 00:00 02.9 00.0 00.0 04.4 27.8 18:00 SE 04 17.7 20.4 00:00 14.0 06:00 00.6 00.0 00.1 09.6 20.4 00:00 W 05 13.5 14.0 06:00 13.1 23:00 04.8 00.0 00.0 03.7 12.9 12:00 NNE 06 15.5 19.6 12:00 13.2 06:00 02.8 00.0 00.0 08.9 22.2 23:00 ENE 07 17.7 27.9 00:00 12.3 06:00 00.6 00.0 00.1 19.6 25.9 00:00 NE 08 19.2 23.1 06:00 15.9 23:00 00.0 00.9 00.0 04.4 16.6 12:00 ENE 09 19.8 23.6 18:00 16.2 00:00 00.0 01.5 00.0 07.9 22.2 18:00 E 10 19.0 25.3 18:00 16.1 06:00 00.0 00.7 00.0 09.6 31.4 23:00 SSE 11 17.2 22.9 12:00 15.3 00:00 01.1 00.0 00.0 11.8 31.4 06:00 SE 12 15.9 20.2 18:00 14.4 06:00 02.4 00.0 00.0 03.7 29.6 06:00 W 13 16.0 19.3 12:00 14.6 00:00 02.3 00.0 00.0 06.3 25.9 12:00 NE 14 15.3 17.3 18:00 14.3 06:00 03.0 00.0 00.0 06.3 27.8 18:00 NNW 15 14.6 15.8 12:00 13.9 06:00 03.7 00.0 00.0 04.4 31.4 18:00 W 16 15.1 18.1 18:00 11.8 06:00 03.2 00.0 00.0 01.5 27.8 12:00 ENE 17 16.3 18.4 18:00 11.8 06:00 02.0 00.0 00.0 04.1 33.3 18:00 ENE 18 16.9 19.3 12:00 11.8 06:00 01.4 00.0 00.0 03.3 18.5 18:00 NE 19 15.3 17.1 12:00 11.2 06:00 03.0 00.0 00.0 04.8 16.6 18:00 ENE 20 15.9 17.3 18:00 12.1 06:00 02.4 00.0 00.0 03.0 22.2 18:00 SE 21 16.7 18.4 18:00 14.0 06:00 01.6 00.0 00.0 05.9 33.3 18:00 ESE 22 15.3 16.2 18:00 14.1 06:00 03.0 00.0 02.9 04.4 29.6 18:00 SSW 23 16.5 17.8 18:00 13.1 06:00 01.8 00.0 01.0 03.3 22.2 12:00 ENE 24 16.9 18.7 00:00 15.1 06:00 01.4 00.0 00.0 01.1 33.3 18:00 S 25 18.1 20.8 12:00 14.6 06:00 00.2 00.0 00.0 02.2 14.8 18:00 ENE 26 18.6 22.3 12:00 16.4 23:00 00.0 00.3 01.7 07.8 29.6 12:00 ESE 27 17.9 21.6 12:00 14.7 06:00 00.4 00.0 00.0 03.7 31.4 18:00 E 28 16.7 20.1 18:00 10.9 06:00 01.6 00.0 28.8 04.8 33.3 12:00 SE 29 15.6 17.4 18:00 12.4 23:00 02.7 00.0 01.4 02.6 24.1 12:00 S 30 11.9 19.9 18:00 13.9 23:00 02.7 00.0 00.0 02.6 31.0 12:00 S -------------------------------------------------------------------------------------------------------- 16.6 (16.8) 27.9 day 08 10.9 day 28 054.0 003.4 036.0 05.7 33.3 day 07 ENE Min < 30: 29 Max Rain: 28.8 ON 28-04-21 Days of Rain: 5 (> .2mm) 2 (> 2mm) 1 (> 20mm)