NOAA-Style Climate Reports
Select a Year or Month report
2024: Ene Feb Mar Abr May Jun Jul Ago Sep Oct Nov Dic
2023: Ene Feb Mar Abr May Jun Jul Ago Sep Oct Nov Dic
2022: Ene Feb Mar Abr May Jun Jul Ago Sep Oct Nov Dic
2021: Ene Feb Mar Abr May Jun Jul Ago Sep Oct Nov Dic
2020: Ene Feb Mar Abr May Jun Jul Ago Sep Oct Nov Dic
2019: Ene Feb Mar Abr May Jun Jul Ago Sep Oct Nov Dic
2018: Ene Feb Mar Abr May Jun Jul Ago Sep Oct Nov Dic
2017: Ene Feb Mar Abr May Jun Jul Ago Sep Oct Nov Dic
2016: Ene Feb Mar Abr May Jun Jul Ago Sep Oct Nov Dic
2015: Ene Feb Mar Abr May Jun Jul Ago Sep Oct Nov Dic
2014: Ene Feb Mar Abr May Jun Jul Ago Sep Oct Nov Dic
2013: Ene Feb Mar Abr May Jun Jul Ago Sep Oct Nov Dic
2012: Ene Feb Mar Abr May Jun Jul Ago Sep Oct Nov Dic
2011: Ene Feb Mar Abr May Jun Jul Ago Sep Oct Nov Dic
2010: Ene Feb Mar Abr May Jun Jul Ago Sep Oct Nov Dic
2009: Ene Feb Mar Abr May Jun Jul Ago Sep Oct Nov Dic
2024: Ene Feb Mar Abr May Jun Jul Ago Sep Oct Nov Dic
2023: Ene Feb Mar Abr May Jun Jul Ago Sep Oct Nov Dic
2022: Ene Feb Mar Abr May Jun Jul Ago Sep Oct Nov Dic
2021: Ene Feb Mar Abr May Jun Jul Ago Sep Oct Nov Dic
2020: Ene Feb Mar Abr May Jun Jul Ago Sep Oct Nov Dic
2019: Ene Feb Mar Abr May Jun Jul Ago Sep Oct Nov Dic
2018: Ene Feb Mar Abr May Jun Jul Ago Sep Oct Nov Dic
2017: Ene Feb Mar Abr May Jun Jul Ago Sep Oct Nov Dic
2016: Ene Feb Mar Abr May Jun Jul Ago Sep Oct Nov Dic
2015: Ene Feb Mar Abr May Jun Jul Ago Sep Oct Nov Dic
2014: Ene Feb Mar Abr May Jun Jul Ago Sep Oct Nov Dic
2013: Ene Feb Mar Abr May Jun Jul Ago Sep Oct Nov Dic
2012: Ene Feb Mar Abr May Jun Jul Ago Sep Oct Nov Dic
2011: Ene Feb Mar Abr May Jun Jul Ago Sep Oct Nov Dic
2010: Ene Feb Mar Abr May Jun Jul Ago Sep Oct Nov Dic
2009: Ene Feb Mar Abr May Jun Jul Ago Sep Oct Nov Dic
Informe para el 2010 Julio
Daily NOAA report MONTHLY CLIMATOLOGICAL SUMMARY for JUL. 2010 NAME: Badalona-Progres CITY: Badalona STATE: España ELEV: 27 LAT: 41º 26'24" N LONG: 2º 15' 59" E TEMPERATURE ( °C), RAIN (mm), WIND SPEED (kmh) HEAT COOL AVG MEAN DEG DEG WIND DOM DAY TEMP HIGH TIME LOW TIME DAYS DAYS RAIN SPEED HIGH TIME DIR -------------------------------------------------------------------------------------------------------- 01 24.5 29.5 12:00 21.1 00:00 00.0 06.2 00.0 07.1 34.0 00:02 ENE 02 23.0 26.5 09:00 21.0 01:00 00.0 04.7 00.0 05.5 27.8 01:00 SSE 03 23.7 26.3 09:00 21.9 06:01 00.0 05.4 00.0 06.1 20.4 18:00 ESE 04 24.5 27.4 12:01 22.8 05:00 00.0 06.2 01.3 03.4 25.9 05:00 SSE 05 24.2 28.8 10:00 22.1 05:00 00.0 05.9 00.0 06.3 22.2 05:00 E 06 24.7 26.4 16:00 22.8 06:01 00.0 06.4 00.0 06.3 18.5 06:01 ENE 07 24.7 26.4 10:00 22.4 06:01 00.0 06.4 00.0 07.7 31.4 10:00 NNE 08 25.4 27.6 17:00 22.9 06:01 00.0 07.1 00.0 09.0 29.6 06:01 NE 09 25.1 27.6 10:00 23.9 00:01 00.0 06.8 00.0 07.1 22.2 00:01 SSE 10 24.6 25.9 15:00 22.9 06:00 00.0 06.3 00.0 06.9 22.2 05:00 E 11 25.4 30.5 10:00 22.9 06:01 00.0 07.1 00.0 06.3 25.9 10:00 NE 12 26.2 30.5 16:00 24.3 06:01 00.0 07.9 00.0 07.9 29.6 06:01 E 13 26.0 28.2 17:00 23.3 05:00 00.0 07.7 00.0 08.2 18.5 18:00 S 14 25.1 28.1 14:00 23.8 05:00 00.0 06.8 00.0 07.4 27.8 05:00 ESE 15 26.0 27.6 14:00 23.7 07:00 00.0 07.7 00.0 06.1 20.4 18:00 SE 16 25.8 28.1 16:00 22.3 06:01 00.0 07.5 00.0 07.1 16.6 18:00 NE 17 26.0 29.4 17:00 23.7 07:00 00.0 07.7 00.0 08.5 31.4 07:00 E 18 25.7 27.4 13:00 23.7 06:00 00.0 07.4 00.0 06.9 31.4 07:00 ESE 19 25.9 28.4 16:00 23.6 06:01 00.0 07.6 00.0 09.5 20.4 06:01 ENE 20 25.6 28.8 10:00 23.6 07:00 00.0 07.3 00.0 11.6 31.4 12:00 NNE 21 26.0 29.4 15:00 24.1 06:01 00.0 07.7 00.0 04.5 20.4 06:01 N 22 25.0 26.7 00:00 23.6 23:00 00.0 06.7 00.0 06.6 27.8 13:00 SE 23 24.7 27.3 13:00 22.8 06:01 00.0 06.4 00.0 06.1 31.4 06:01 ENE 24 23.7 25.6 16:00 20.1 08:00 00.0 05.4 00.0 10.6 29.6 08:00 NE 25 23.9 26.2 14:00 21.8 05:00 00.0 05.6 00.0 06.1 33.3 05:00 E 26 23.9 26.5 14:00 20.8 07:00 00.0 05.6 00.0 05.3 27.8 07:00 ESE 27 25.7 30.5 16:00 21.8 07:00 00.0 07.4 00.0 06.3 33.3 07:00 SSE 28 25.8 30.1 16:00 22.4 06:01 00.0 07.5 00.0 08.5 33.3 06:01 ENE 29 25.0 27.5 18:00 21.2 18:01 00.0 06.7 48.1 05.0 33.3 16:00 E 30 24.6 25.8 16:00 20.3 07:00 00.0 06.3 05.2 06.1 31.4 07:00 NE 31 24.9 27.8 18:32 22.9 05:17 32.0 00.0 00.0 07.0 33.0 16:56 S -------------------------------------------------------------------------------------------------------- 25.0 (25.2) 30.5 day 27 20.1 day 24 000.0 201.3 054.6 08.0 34.0 day 1 ENE Max > 30: 4 Min < 30: 30 Max Rain: 48.1 ON 29-07-21 Days of Rain: 3 (> .2mm) 2 (> 2mm) 1 (> 20mm)