Report for 2017 Sep
MONTHLY CLIMATOLOGICAL SUMMARY for SEP. 2017
NAME: Badalona CITY: Badalona STATE: España
ELEV: 27 m LAT: 41º 26' 42" N LONG: 2° 14' 36" E
TEMPERATURE (°C), RAIN (mm), WIND SPEED (km/hr)
HEAT COOL AVG
MEAN DEG DEG WIND DOM
DAY TEMP HIGH TIME LOW TIME DAYS DAYS RAIN SPEED HIGH TIME DIR
------------------------------------------------------------------------------------
1 22.3 24.6 12:40 20.2 6:00 0.0 4.0 0.0 5.3 29.0 17:20 W
2 22.1 24.7 17:45 17.8 7:10 0.0 3.8 0.8 8.9 38.6 3:05 SE
3 22.7 25.5 17:15 19.5 7:20 0.0 4.4 0.0 4.7 25.7 18:25 W
4 23.2 25.1 17:05 20.8 4:15 0.0 4.9 1.4 5.3 29.0 15:40 ENE
5 24.7 27.9 11:25 21.2 6:35 0.0 6.3 0.0 6.8 35.4 16:00 W
6 24.8 26.7 14:35 23.3 8:00 0.0 6.4 0.2 4.7 30.6 15:25 W
7 22.6 24.4 15:55 19.6 9:20 0.0 4.1 1.4 5.8 29.0 9:35 SE
8 22.2 23.9 15:05 20.2 5:10 0.0 3.9 0.0 6.8 30.6 11:50 E
9 20.9 25.2 10:50 17.2 23:55 0.0 2.6 8.4 4.5 45.1 13:45 W
10 19.4 24.4 17:00 14.4 7:55 0.9 2.0 0.0 6.8 32.2 18:55 W
11 21.6 25.1 12:05 17.4 7:20 0.0 3.3 0.0 8.5 32.2 14:40 W
12 21.7 23.3 1:25 19.6 11:35 0.0 3.4 3.8 7.7 32.2 2:10 ESE
13 23.0 27.4 14:55 19.2 7:40 0.0 4.7 0.0 5.1 43.5 17:35 W
14 23.1 26.0 12:00 19.8 23:55 0.0 4.8 0.0 5.6 41.8 16:50 W
15 15.8 19.8 0:05 14.3 00:00 2.6 0.0 13.4 1.6 19.3 1:15 WNW
16 16.8 22.1 15:15 12.4 6:05 2.3 0.8 0.0 6.1 29.0 17:15 W
17 18.7 23.7 14:00 12.7 7:45 1.5 1.9 0.0 6.6 38.6 15:35 W
18 19.3 20.3 0:05 18.3 12:30 0.0 1.0 1.8 6.3 27.4 15:55 NE
19 19.7 22.7 17:15 17.0 9:05 0.2 1.5 0.8 4.3 30.6 16:50 W
20 19.3 22.6 18:00 15.8 7:10 0.4 1.5 0.0 2.9 19.3 17:10 W
21 20.8 24.7 18:10 16.9 2:30 0.3 2.8 0.0 3.7 32.2 17:20 W
22 21.2 22.8 16:55 19.6 7:30 0.0 2.9 0.0 2.6 22.5 12:10 W
23 21.3 23.8 16:20 18.1 8:15 0.0 3.0 0.0 4.0 22.5 16:10 W
24 22.4 26.5 13:45 19.2 7:35 0.0 4.1 0.0 4.7 33.8 16:45 W
25 21.8 24.2 15:15 19.8 7:50 0.0 3.5 0.0 6.9 38.6 18:15 W
26 20.8 24.2 13:30 17.6 7:45 0.0 2.6 0.0 5.6 22.5 14:35 W
27 21.5 23.7 14:10 18.6 7:15 0.0 3.2 0.0 3.9 24.1 15:15 W
28 21.6 24.2 16:00 19.0 5:40 0.0 3.3 0.0 2.7 19.3 14:15 W
29 21.4 24.1 11:40 18.3 7:30 0.0 3.2 0.0 4.5 24.1 16:30 W
30 21.3 24.4 13:10 18.8 8:05 0.0 3.0 0.8 4.2 33.8 21:40 W
-------------------------------------------------------------------------------------
21.3 27.9 5 12.4 16 8.2 97.0 32.8 5.2 45.1 9 W
Max >= 32.0: 0
Max <= 0.0: 0
Min <= 0.0: 0
Min <= -18.0: 0
Max Rain: 13.41 ON 15/09/17
Days of Rain: 10 (> .2 mm) 3 (> 2 mm) 0 (> 20 mm)
Heat Base: 18.3 Cool Base: 18.3 Method: Integration