Report for 2017 Jun
MONTHLY CLIMATOLOGICAL SUMMARY for JUN. 2017
NAME: Badalona CITY: Badalona STATE: España
ELEV: 27 m LAT: 41º 26' 42" N LONG: 2° 14' 36" E
TEMPERATURE (°C), RAIN (mm), WIND SPEED (km/hr)
HEAT COOL AVG
MEAN DEG DEG WIND DOM
DAY TEMP HIGH TIME LOW TIME DAYS DAYS RAIN SPEED HIGH TIME DIR
------------------------------------------------------------------------------------
1 21.3 23.7 15:10 19.0 6:15 0.0 3.0 0.0 4.3 19.3 15:25 E
2 22.2 24.1 16:35 19.9 6:35 0.0 3.9 0.0 5.1 24.1 23:40 SE
3 24.0 28.7 17:00 20.8 00:00 0.0 5.7 0.0 5.3 32.2 14:15 SE
4 21.0 22.8 12:35 20.1 23:00 0.0 2.7 3.6 5.5 30.6 15:15 NE
5 20.5 24.6 19:25 17.3 8:35 0.1 2.3 0.0 6.6 32.2 17:30 W
6 20.9 23.9 9:20 18.7 5:00 0.0 2.7 0.0 8.0 40.2 17:00 W
7 20.2 20.8 19:45 19.6 12:10 0.0 1.9 0.0 6.1 20.9 13:50 SE
8 21.3 23.3 9:30 19.2 2:00 0.0 3.0 0.0 9.2 37.0 16:05 SE
9 21.4 23.7 13:55 19.8 9:00 0.0 3.2 4.0 5.1 19.3 6:50 E
10 22.8 27.7 10:10 19.6 6:20 0.0 4.6 0.0 5.3 27.4 17:05 SE
11 23.8 26.4 9:10 22.1 1:05 0.0 5.5 0.0 5.6 24.1 3:15 E
12 24.1 26.2 15:15 22.3 0:50 0.0 5.8 0.0 4.7 19.3 12:20 ENE
13 25.6 28.2 15:25 23.4 6:30 0.0 7.2 0.0 5.1 27.4 16:35 SE
14 26.7 30.4 16:30 23.3 4:05 0.0 8.4 0.0 6.9 29.0 12:20 W
15 25.9 27.6 8:25 23.9 6:25 0.0 7.6 0.0 3.7 16.1 16:25 E
16 27.7 31.4 17:30 23.9 5:50 0.0 9.4 0.0 5.5 27.4 14:00 SE
17 26.3 28.0 15:20 24.8 11:55 0.0 8.0 0.0 6.4 22.5 5:20 W
18 25.7 28.6 16:35 24.0 7:05 0.0 7.4 0.0 5.1 20.9 15:50 E
19 24.6 26.8 16:40 22.5 6:20 0.0 6.3 0.0 5.6 20.9 14:40 ENE
20 26.2 28.7 20:15 24.1 5:50 0.0 7.9 0.0 9.5 41.8 15:35 SE
21 26.7 29.4 19:05 23.9 5:40 0.0 8.4 0.0 6.9 33.8 13:35 SE
22 26.7 28.8 11:30 24.8 6:05 0.0 8.4 0.0 9.0 41.8 15:20 SE
23 27.3 30.2 19:15 25.0 6:35 0.0 9.0 0.0 8.4 37.0 15:10 SE
24 25.7 28.0 14:50 23.3 6:25 0.0 7.4 0.0 6.4 33.8 16:55 SE
25 24.5 26.7 17:00 22.4 4:25 0.0 6.2 1.2 4.7 24.1 3:20 NE
26 25.3 27.5 16:30 23.6 5:05 0.0 7.0 0.0 4.8 24.1 8:20 NE
27 24.5 25.8 21:00 23.0 6:15 0.0 6.2 0.0 5.5 17.7 15:00 NE
28 25.3 31.2 16:30 20.7 23:35 0.0 7.0 1.2 10.3 51.5 19:40 NE
29 23.2 27.8 15:40 19.7 6:10 0.0 4.9 0.0 8.5 46.7 15:55 W
30 22.2 27.6 17:40 16.8 6:55 0.0 4.0 4.8 8.2 40.2 14:40 NE
-------------------------------------------------------------------------------------
24.1 31.4 16 16.8 30 0.1 174.7 14.8 6.4 51.5 28 SE
Max >= 32.0: 0
Max <= 0.0: 0
Min <= 0.0: 0
Min <= -18.0: 0
Max Rain: 4.80 ON 30/06/17
Days of Rain: 5 (> .2 mm) 3 (> 2 mm) 0 (> 20 mm)
Heat Base: 18.3 Cool Base: 18.3 Method: Integration