Report for 2009 Sep
Monthly Climatological Summary for sep. 2009
Name: Badalona-Progres City: Badalona State: España
Elevation: 33 m Lat: N 41° 26' 42" Lon: E 002° 14' 35"
Temperature (°C), Rain (mm), Wind Speed (km/h)
Heat Cool Avg
Mean Deg Deg Wind Dom
Day Temp High Time Low Time Days Days Rain Speed High Time Dir
----------------------------------------------------------------------------------
01 25,8 27,9 18:31 23,5 06:25 0,0 7,5 0,0 1,6 32,0 00:00 NNW
02 25,4 27,1 16:36 23,6 05:45 0,0 7,1 0,0 1,3 21,0 00:00 NNW
03 23,4 26,1 15:50 22,4 07:31 0,0 5,1 0,0 0,6 27,0 00:00 NW
04 23,8 26,7 14:19 22,8 00:00 0,0 5,5 0,0 0,0 32,0 00:00 E
05 22,0 23,9 13:32 20,2 09:52 0,0 3,8 0,0 0,0 25,0 00:00 E
06 21,6 24,3 13:22 18,9 07:42 0,0 3,3 0,0 0,0 19,0 00:00 E
07 21,8 24,7 16:52 18,9 07:20 0,0 3,5 0,0 1,1 19,0 00:00 NW
08 21,8 24,5 14:39 19,1 07:15 0,0 3,5 0,0 1,0 23,0 00:00 NW
09 22,3 25,9 13:38 18,6 06:55 0,0 4,0 0,0 0,0 16,0 00:00 E
10 22,6 25,9 14:49 19,3 06:58 0,0 4,3 0,0 0,0 25,0 00:00 E
11 23,4 25,9 12:25 20,9 06:42 0,0 5,1 0,0 0,0 21,0 00:00 E
12 22,7 25,8 10:32 19,6 07:56 0,0 4,4 0,0 0,0 27,0 00:00 E
13 22,3 24,3 18:01 20,4 07:33 0,0 4,0 0,0 0,5 21,0 00:00 WNW
14 21,5 22,5 00:00 17,8 23:59 0,0 3,2 15,5 0,5 30,0 00:00 WNW
15 17,3 18,6 00:00 15,9 23:10 1,0 0,0 0,5 0,0 18,0 00:00 E
16 18,6 22,4 16:35 14,8 06:54 0,0 0,3 0,0 0,0 32,0 00:00 E
17 20,0 22,8 11:51 17,1 06:19 0,0 1,7 0,0 0,1 33,0 00:00 WNW
18 20,9 23,9 16:15 17,9 10:58 0,0 2,6 6,7 1,1 36,0 00:00 WNW
19 19,0 22,4 14:23 15,6 07:10 0,0 0,7 0,0 0,2 38,0 00:00 NW
20 17,7 23,2 23:59 15,8 05:30 0,6 0,0 12,0 0,0 28,0 00:00 E
21 19,5 23,6 13:10 15,4 07:53 0,0 1,2 0,0 0,0 27,0 00:00 E
22 22,9 26,9 13:59 18,9 07:10 0,0 4,6 0,0 0,0 34,0 00:00 E
23 22,7 24,2 00:00 21,2 23:47 0,0 4,4 0,0 0,4 31,0 00:00 NW
24 21,9 25,3 11:35 18,5 00:00 0,0 3,6 0,0 1,1 24,0 00:00 NW
25 21,8 25,4 14:54 18,1 07:03 0,0 3,5 0,0 1,1 24,0 00:00 NW
26 21,5 21,6 12:35 21,4 00:03 0,0 3,2 0,0 1,5 6,0 00:00 WNW
27 21,1 23,6 14:00 18,7 07:00 0,0 2,9 0,0 0,2 30,0 00:00 WNW
28 21,4 23,5 13:13 19,2 07:56 0,0 3,1 0,0 1,0 27,0 00:00 WNW
29 20,9 23,6 10:27 18,2 06:51 0,0 2,6 0,0 1,0 25,0 00:00 NNW
30 21,0 23,6 14:38 18,5 07:15 0,0 2,8 0,0 0,8 19,0 00:00 NNW
----------------------------------------------------------------------------------
21,6 27,9 1 14,8 16 1,6 101,5 34,7 0,5 38,0 19 NW
Max >= 27,0 2
Max <= 0,0 0
Min <= 0,0 0
Min <= -18,0 0
Max Rain: 15,5 on day 14
Days of Rain: 4 (>= 0,2 mm) 3 (>= 2,0 mm) 0 (>= 20,0 mm)
Heat Base: 18,3 Cool Base: 18,3 Method: Integration