Report for 2018 Dec
MONTHLY CLIMATOLOGICAL SUMMARY for DEC. 2018
NAME: Badalona CITY: Badalona STATE: España
ELEV: 27 m LAT: 41º 26' 42" N LONG: 2° 14' 36" E
TEMPERATURE (°C), RAIN (mm), WIND SPEED (km/hr)
HEAT COOL AVG
MEAN DEG DEG WIND DOM
DAY TEMP HIGH TIME LOW TIME DAYS DAYS RAIN SPEED HIGH TIME DIR
------------------------------------------------------------------------------------
1 11.3 14.8 15:15 8.9 7:45 7.0 0.0 0.0 5.8 29.0 8:10 WNW
2 13.6 18.4 15:25 9.4 0:55 4.8 0.0 0.0 6.0 30.6 8:40 W
3 14.4 17.8 15:10 11.9 2:30 3.9 0.0 0.0 8.9 33.8 7:45 W
4 14.9 19.5 14:20 12.1 7:35 3.4 0.1 0.0 5.0 25.7 0:35 WNW
5 14.7 18.9 15:35 10.8 7:10 3.7 0.0 0.0 4.5 22.5 8:20 WNW
6 13.2 16.2 15:50 11.3 9:30 5.1 0.0 0.0 6.4 32.2 9:35 WNW
7 11.3 13.8 14:45 9.8 7:30 7.0 0.0 0.0 8.9 37.0 17:00 WNW
8 12.1 15.2 15:40 10.1 0:05 6.2 0.0 0.0 6.3 25.7 11:25 WNW
9 13.3 18.6 15:40 9.3 4:30 5.0 0.0 0.0 5.3 35.4 13:50 W
10 12.3 15.6 16:10 10.4 9:40 6.0 0.0 0.0 6.4 27.4 6:50 WNW
11 11.0 15.0 13:00 7.3 7:20 7.3 0.0 0.0 3.5 20.9 0:10 W
12 11.9 15.2 13:55 9.2 3:35 6.4 0.0 0.0 2.3 14.5 7:20 W
13 11.7 13.0 0:05 10.8 23:20 6.7 0.0 1.4 3.4 17.7 4:20 W
14 11.7 13.8 17:05 9.6 8:40 6.7 0.0 2.2 2.4 17.7 5:15 W
15 11.5 14.5 14:55 8.6 7:40 6.8 0.0 0.0 6.1 27.4 11:05 W
16 13.7 14.8 21:50 12.0 7:45 4.6 0.0 0.0 6.0 35.4 23:50 W
17 12.0 15.7 14:50 9.1 8:05 6.3 0.0 0.0 9.2 43.5 0:25 WNW
18 11.3 15.2 15:20 8.0 5:05 7.0 0.0 0.0 6.4 29.0 16:15 WNW
19 13.3 16.8 13:20 10.4 7:35 5.0 0.0 0.0 7.1 46.7 16:20 W
20 11.7 16.2 16:05 8.8 7:45 6.6 0.0 0.0 5.3 25.7 22:55 W
21 12.6 17.2 15:25 8.9 5:40 5.7 0.0 0.0 7.4 29.0 9:20 W
22 13.8 18.6 14:00 10.9 7:25 4.5 0.0 0.0 6.0 27.4 4:50 WNW
23 14.5 20.0 15:45 10.6 7:55 3.9 0.1 0.0 4.8 24.1 21:25 WNW
24 14.4 20.1 14:45 11.6 4:45 3.9 0.1 0.0 7.4 32.2 5:40 WNW
25 12.8 16.9 12:05 9.9 6:30 5.5 0.0 0.0 2.7 14.5 14:30 WNW
26 12.0 14.8 14:20 9.4 8:15 6.3 0.0 0.0 3.2 20.9 7:55 WNW
27 11.4 14.4 14:55 8.7 23:05 6.9 0.0 0.0 6.9 25.7 8:00 WNW
28 9.9 14.3 15:45 7.4 8:25 8.4 0.0 0.0 7.2 25.7 20:35 WNW
29 8.7 13.6 16:00 5.9 6:45 9.6 0.0 0.0 9.3 33.8 6:20 WNW
30 9.8 14.9 15:05 5.3 7:45 8.5 0.0 0.0 10.8 35.4 13:55 WNW
31 12.7 17.8 16:05 8.5 3:50 5.6 0.0 0.0 9.0 32.2 1:20 WNW
-------------------------------------------------------------------------------------
12.4 20.1 24 5.3 30 184.3 0.3 3.6 6.1 46.7 19 WNW
Max >= 32.0: 0
Max <= 0.0: 0
Min <= 0.0: 0
Min <= -18.0: 0
Max Rain: 2.21 ON 14/12/18
Days of Rain: 2 (> .2 mm) 1 (> 2 mm) 0 (> 20 mm)
Heat Base: 18.3 Cool Base: 18.3 Method: Integration