Report for 2017 Dec
MONTHLY CLIMATOLOGICAL SUMMARY for DEC. 2017
NAME: Badalona CITY: Badalona STATE: España
ELEV: 27 m LAT: 41º 26' 42" N LONG: 2° 14' 36" E
TEMPERATURE (°C), RAIN (mm), WIND SPEED (km/hr)
HEAT COOL AVG
MEAN DEG DEG WIND DOM
DAY TEMP HIGH TIME LOW TIME DAYS DAYS RAIN SPEED HIGH TIME DIR
------------------------------------------------------------------------------------
1 6.6 8.9 14:45 4.3 22:30 11.7 0.0 0.0 6.0 51.5 15:10 W
2 6.7 10.5 15:20 2.3 8:10 11.6 0.0 0.0 7.1 32.2 1:45 W
3 7.8 12.3 15:45 4.6 7:25 10.4 0.0 0.0 9.8 32.2 18:50 W
4 8.4 13.9 16:15 4.4 6:05 9.9 0.0 0.0 7.9 32.2 8:40 W
5 8.7 14.0 16:15 4.2 7:50 9.6 0.0 0.0 5.0 27.4 7:10 W
6 9.4 14.6 16:20 5.5 5:00 8.9 0.0 0.0 4.8 24.1 8:40 W
7 10.8 15.7 15:35 7.3 5:40 7.5 0.0 0.0 7.7 29.0 7:20 W
8 10.4 13.4 16:35 7.3 5:55 7.9 0.0 0.0 7.1 35.4 11:00 W
9 9.5 11.6 0:05 7.5 9:45 8.8 0.0 0.0 5.3 30.6 9:35 W
10 13.3 17.1 16:25 9.3 2:25 5.0 0.0 0.0 7.2 27.4 8:15 W
11 14.3 16.7 8:50 10.6 00:00 4.0 0.0 2.8 7.1 51.5 10:10 W
12 9.6 12.3 14:55 6.9 7:30 8.7 0.0 0.0 4.7 27.4 3:40 W
13 9.0 12.8 14:30 5.8 5:35 9.3 0.0 0.0 9.8 33.8 6:10 W
14 12.9 15.4 16:20 10.3 1:00 5.4 0.0 0.0 5.3 25.7 3:25 W
15 12.2 15.1 12:20 8.9 23:55 6.2 0.0 0.0 5.1 35.4 11:55 W
16 9.6 14.5 16:15 6.4 7:30 8.7 0.0 0.0 5.3 29.0 5:35 W
17 8.9 13.6 15:10 4.9 7:50 9.4 0.0 0.0 6.9 30.6 9:35 W
18 8.3 9.8 15:30 6.2 6:50 10.0 0.0 0.0 6.8 33.8 8:50 W
19 8.9 12.2 13:15 5.6 3:05 9.3 0.0 0.0 3.1 20.9 2:35 NW
20 9.1 13.1 14:45 5.7 8:35 9.2 0.0 0.0 4.0 22.5 10:15 W
21 11.3 14.4 12:35 9.1 7:30 7.0 0.0 0.0 2.1 14.5 5:25 W
22 12.0 16.6 13:45 9.2 0:30 6.3 0.0 0.0 8.9 33.8 9:35 W
23 10.9 15.1 16:05 7.9 8:15 7.4 0.0 0.0 7.1 29.0 3:30 W
24 10.6 15.9 16:30 5.9 6:25 7.8 0.0 0.0 5.6 29.0 9:35 W
25 11.9 14.5 13:30 9.3 8:10 6.4 0.0 0.0 5.3 22.5 5:30 W
26 10.9 14.8 14:00 8.5 23:20 7.4 0.0 0.0 5.8 24.1 4:20 W
27 10.1 13.9 15:15 7.4 00:00 8.2 0.0 1.2 13.8 62.8 11:55 W
28 8.6 11.3 13:45 6.1 8:15 9.7 0.0 0.0 4.5 41.8 0:55 W
29 9.7 14.2 15:55 6.2 7:25 8.6 0.0 0.0 2.7 25.7 14:15 W
30 15.3 20.7 15:05 12.2 7:35 3.2 0.3 0.0 5.0 56.3 11:05 W
31 14.2 18.4 15:35 10.8 2:15 4.1 0.0 0.0 8.4 41.8 17:55 W
-------------------------------------------------------------------------------------
10.3 20.7 30 2.3 2 247.6 0.3 4.0 6.3 62.8 27 W
Max >= 32.0: 0
Max <= 0.0: 0
Min <= 0.0: 0
Min <= -18.0: 0
Max Rain: 2.79 ON 11/12/17
Days of Rain: 2 (> .2 mm) 1 (> 2 mm) 0 (> 20 mm)
Heat Base: 18.3 Cool Base: 18.3 Method: Integration