Report for 2017 Nov
MONTHLY CLIMATOLOGICAL SUMMARY for NOV. 2017
NAME: Badalona CITY: Badalona STATE: España
ELEV: 27 m LAT: 41º 26' 42" N LONG: 2° 14' 36" E
TEMPERATURE (°C), RAIN (mm), WIND SPEED (km/hr)
HEAT COOL AVG
MEAN DEG DEG WIND DOM
DAY TEMP HIGH TIME LOW TIME DAYS DAYS RAIN SPEED HIGH TIME DIR
------------------------------------------------------------------------------------
1 16.3 19.7 11:50 11.7 7:40 2.2 0.3 0.0 2.7 19.3 15:40 W
2 19.0 22.4 14:15 15.8 7:25 0.6 1.3 0.0 2.7 25.7 14:05 W
3 18.5 21.6 16:40 16.2 7:25 0.7 0.9 0.0 3.1 25.7 15:30 W
4 18.2 21.6 15:20 15.7 23:45 0.9 0.8 6.4 2.4 38.6 19:10 W
5 16.7 20.6 14:25 12.8 00:00 2.0 0.4 0.0 6.1 37.0 10:10 W
6 13.2 17.4 15:00 9.8 7:25 5.1 0.0 0.0 10.5 40.2 12:15 W
7 11.4 16.0 15:05 7.9 7:35 6.9 0.0 0.0 7.6 33.8 7:20 W
8 11.3 14.4 13:45 7.3 5:15 7.0 0.0 0.0 4.3 25.7 9:25 W
9 10.9 14.2 16:30 7.3 7:55 7.4 0.0 0.0 5.5 27.4 4:35 W
10 11.7 16.2 13:25 7.5 7:25 6.6 0.0 0.0 6.3 29.0 2:35 W
11 13.4 18.4 16:25 9.9 7:30 4.9 0.0 0.0 4.5 29.0 11:20 W
12 14.8 18.7 16:50 11.6 7:25 3.5 0.0 0.0 6.0 40.2 22:55 W
13 13.7 16.2 14:55 9.9 7:35 4.6 0.0 0.0 9.5 67.6 12:20 W
14 11.3 15.7 16:55 7.1 7:45 7.0 0.0 0.0 5.5 29.0 0:10 W
15 10.6 16.1 13:45 6.4 4:30 7.7 0.0 0.0 5.0 32.2 8:40 W
16 11.9 16.3 12:05 7.5 6:15 6.4 0.0 0.0 1.3 14.5 14:45 W
17 13.3 19.9 14:20 8.3 5:55 5.1 0.1 0.0 3.4 27.4 8:05 W
18 13.9 18.0 14:00 10.0 7:25 4.3 0.0 0.0 3.1 20.9 23:55 W
19 12.8 17.8 13:50 9.2 7:00 5.5 0.0 0.0 5.6 27.4 4:25 W
20 13.0 18.0 12:45 8.4 6:30 5.3 0.0 0.0 3.5 25.7 21:50 W
21 14.1 19.7 13:25 10.5 4:50 4.3 0.0 0.0 5.1 27.4 4:00 W
22 14.2 18.9 15:05 10.2 5:15 4.1 0.0 0.0 4.2 25.7 14:25 W
23 14.7 18.6 14:35 11.0 6:25 3.6 0.0 0.0 2.9 25.7 6:05 W
24 16.9 21.2 15:15 12.7 7:35 1.9 0.5 0.0 1.8 19.3 9:20 W
25 16.2 18.3 0:05 11.8 23:55 2.1 0.0 8.6 4.5 25.7 23:20 W
26 11.0 15.2 14:45 8.6 23:35 7.2 0.0 0.0 5.8 30.6 5:55 W
27 10.1 13.9 13:05 6.4 8:05 8.2 0.0 0.0 3.1 22.5 00:00 W
28 10.6 15.1 15:25 7.6 3:30 7.7 0.0 0.0 7.7 29.0 10:25 W
29 9.6 13.2 14:40 6.4 7:30 8.7 0.0 0.0 2.6 25.7 5:40 W
30 8.5 13.0 13:10 4.5 7:50 9.8 0.0 0.0 5.5 27.4 23:45 W
-------------------------------------------------------------------------------------
13.4 22.4 2 4.5 30 151.5 4.2 15.0 4.7 67.6 13 W
Max >= 32.0: 0
Max <= 0.0: 0
Min <= 0.0: 0
Min <= -18.0: 0
Max Rain: 8.61 ON 25/11/17
Days of Rain: 2 (> .2 mm) 2 (> 2 mm) 0 (> 20 mm)
Heat Base: 18.3 Cool Base: 18.3 Method: Integration