Report for 2017 Aug
MONTHLY CLIMATOLOGICAL SUMMARY for AUG. 2017
NAME: Badalona CITY: Badalona STATE: España
ELEV: 27 m LAT: 41º 26' 42" N LONG: 2° 14' 36" E
TEMPERATURE (°C), RAIN (mm), WIND SPEED (km/hr)
HEAT COOL AVG
MEAN DEG DEG WIND DOM
DAY TEMP HIGH TIME LOW TIME DAYS DAYS RAIN SPEED HIGH TIME DIR
------------------------------------------------------------------------------------
1 26.1 28.2 13:05 24.9 5:55 0.0 7.7 1.6 6.1 29.0 19:45 ENE
2 26.9 31.4 18:05 24.3 7:05 0.0 8.6 0.0 4.8 27.4 12:20 ENE
3 26.8 32.5 10:10 25.4 4:20 0.0 8.5 0.0 5.8 27.4 12:55 ENE
4 28.4 33.4 11:00 25.1 6:20 0.0 10.1 0.0 2.9 19.3 14:25 SE
5 28.8 31.2 12:40 26.5 6:55 0.0 10.5 0.0 5.3 33.8 13:45 SE
6 27.2 29.2 11:40 25.9 22:50 0.0 8.9 0.0 3.1 20.9 12:20 SE
7 27.0 29.3 10:15 25.0 6:35 0.0 8.7 0.0 4.8 32.2 14:30 SE
8 26.1 27.4 6:55 23.9 00:00 0.0 7.5 12.4 6.0 43.5 11:55 NE
9 22.9 25.2 10:35 18.9 23:25 0.0 4.6 0.8 6.6 35.4 20:55 W
10 21.5 26.4 14:30 17.4 8:00 0.1 3.3 0.8 8.4 40.2 17:05 W
11 21.8 24.8 15:55 18.4 7:30 0.0 3.6 0.0 9.7 33.8 19:05 ESE
12 23.2 25.3 19:00 19.8 7:55 0.0 4.9 7.6 6.0 27.4 2:25 SE
13 24.1 27.1 16:45 20.2 7:00 0.0 5.8 0.0 3.7 27.4 17:25 SE
14 25.1 28.6 10:50 22.2 7:00 0.0 6.8 0.0 5.3 33.8 12:20 SE
15 24.6 26.6 14:55 21.8 5:55 0.0 6.2 0.0 4.3 24.1 13:25 ENE
16 24.9 26.2 17:05 23.3 7:05 0.0 6.0 0.0 4.5 22.5 18:10 NE
17 26.3 29.0 14:20 23.6 6:35 0.0 8.0 0.0 5.6 30.6 15:25 SE
18 26.7 30.6 10:50 24.3 7:15 0.0 8.4 0.4 8.5 38.6 15:20 SE
19 25.4 27.1 15:40 24.3 12:20 0.0 7.2 0.0 4.0 24.1 16:45 SE
20 25.2 26.8 15:10 24.0 10:45 0.0 6.9 0.0 5.1 25.7 18:25 SE
21 25.1 27.7 11:00 22.3 7:20 0.0 6.7 0.0 3.9 25.7 16:05 E
22 25.7 28.8 19:00 22.9 7:15 0.0 7.4 0.0 7.4 38.6 13:45 SE
23 26.1 29.6 18:35 22.7 7:20 0.0 7.7 0.0 4.8 29.0 15:50 SE
24 26.2 30.3 12:25 23.8 7:45 0.0 7.9 0.0 5.1 30.6 14:30 SE
25 25.7 28.8 10:25 22.7 7:20 0.0 7.4 0.0 3.7 20.9 20:00 E
26 25.9 27.6 16:05 23.6 7:05 0.0 7.6 0.0 4.2 22.5 13:35 E
27 25.9 27.6 21:10 24.2 7:25 0.0 7.6 0.0 4.5 22.5 14:25 ENE
28 26.4 29.1 11:25 24.2 7:35 0.0 8.1 0.0 3.2 24.1 15:15 E
29 27.8 32.7 14:35 25.1 7:20 0.0 9.6 0.0 5.5 35.4 15:40 W
30 25.8 28.4 12:30 22.8 6:10 0.0 7.6 0.4 8.5 32.2 14:15 W
31 22.9 24.8 0:05 21.1 13:15 0.0 4.6 26.0 4.5 32.2 18:35 ENE
-------------------------------------------------------------------------------------
25.6 33.4 4 17.4 10 0.1 224.5 50.0 5.4 43.5 8 W
Max >= 32.0: 3
Max <= 0.0: 0
Min <= 0.0: 0
Min <= -18.0: 0
Max Rain: 26.01 ON 31/08/17
Days of Rain: 8 (> .2 mm) 3 (> 2 mm) 1 (> 20 mm)
Heat Base: 18.3 Cool Base: 18.3 Method: Integration