Report for 2017 Jul
MONTHLY CLIMATOLOGICAL SUMMARY for JUL. 2017
NAME: Badalona CITY: Badalona STATE: España
ELEV: 27 m LAT: 41º 26' 42" N LONG: 2° 14' 36" E
TEMPERATURE (°C), RAIN (mm), WIND SPEED (km/hr)
HEAT COOL AVG
MEAN DEG DEG WIND DOM
DAY TEMP HIGH TIME LOW TIME DAYS DAYS RAIN SPEED HIGH TIME DIR
------------------------------------------------------------------------------------
1 20.6 23.1 16:25 18.1 8:00 0.0 2.3 0.0 5.8 35.4 8:55 W
2 21.8 25.5 11:35 17.9 6:35 0.0 3.6 0.0 7.2 32.2 7:30 W
3 23.2 25.4 19:05 19.6 6:20 0.0 4.9 0.0 6.6 37.0 15:55 SE
4 24.1 26.6 16:05 20.9 6:40 0.0 5.7 0.0 4.8 24.1 15:40 SE
5 23.5 25.4 8:20 20.5 6:25 0.0 5.1 0.0 5.8 22.5 14:55 E
6 24.4 27.3 10:40 21.8 5:20 0.0 6.1 0.0 5.3 24.1 14:20 ENE
7 24.8 26.8 8:45 22.6 6:40 0.0 6.5 0.0 6.3 27.4 12:00 ENE
8 25.9 29.7 10:55 24.3 23:35 0.0 7.6 0.0 9.2 40.2 11:10 NE
9 24.9 27.2 10:10 22.4 7:00 0.0 6.7 0.0 6.9 27.4 19:20 W
10 24.8 26.5 17:35 22.9 5:15 0.0 6.5 0.0 4.5 20.9 11:30 E
11 25.2 27.4 17:15 23.4 6:30 0.0 6.9 0.0 6.3 20.9 3:25 NE
12 25.7 28.0 14:35 23.4 6:40 0.0 7.4 0.0 6.9 30.6 19:10 ENE
13 26.2 28.5 10:20 24.0 6:10 0.0 7.9 0.0 8.2 41.8 15:00 SE
14 25.1 25.8 0:15 24.3 23:55 0.0 6.8 0.0 6.4 22.5 8:00 E
15 25.8 28.1 17:40 23.6 4:35 0.0 7.6 0.0 6.1 25.7 18:00 SE
16 26.2 27.5 13:15 24.6 6:30 0.0 7.9 0.0 7.1 25.7 13:00 E
17 25.7 27.1 18:15 23.8 6:20 0.0 7.4 0.0 6.9 25.7 12:45 E
18 26.2 28.6 13:50 23.6 6:10 0.0 7.9 0.0 5.3 25.7 14:50 SE
19 26.1 29.3 9:55 24.0 7:15 0.0 7.8 0.0 7.9 27.4 12:20 E
20 25.7 27.8 10:15 24.8 23:55 0.0 7.4 0.0 13.0 41.8 12:05 NE
21 25.3 29.8 12:20 23.0 6:55 0.0 7.1 0.0 6.1 24.1 15:20 E
22 25.7 28.1 17:15 22.9 6:55 0.0 7.4 0.0 6.0 24.1 17:00 SE
23 25.3 27.2 9:00 22.8 00:00 0.0 7.0 14.4 6.3 29.0 4:00 E
24 24.2 28.4 12:10 20.9 5:10 0.0 5.9 0.0 8.9 30.6 18:25 W
25 24.1 25.9 12:00 21.7 8:05 0.0 5.8 6.6 10.1 37.0 16:15 SE
26 23.6 25.8 18:55 20.9 7:55 0.0 5.3 6.4 5.6 24.1 15:50 SE
27 25.2 28.3 19:30 21.7 6:20 0.0 6.9 0.0 7.4 32.2 17:30 SE
28 25.9 27.5 14:40 24.9 4:30 0.0 7.6 0.0 6.4 24.1 13:05 E
29 25.6 28.1 18:35 23.1 5:45 0.0 7.3 0.0 4.5 19.3 13:45 E
30 25.9 28.5 9:15 23.8 6:45 0.0 7.6 0.0 6.3 25.7 17:20 ENE
31 25.7 27.3 14:50 23.8 5:45 0.0 7.4 0.0 10.3 35.4 10:20 ENE
-------------------------------------------------------------------------------------
24.9 29.8 21 17.9 2 0.0 204.9 27.4 6.9 41.8 13 E
Max >= 32.0: 0
Max <= 0.0: 0
Min <= 0.0: 0
Min <= -18.0: 0
Max Rain: 14.40 ON 23/07/17
Days of Rain: 3 (> .2 mm) 3 (> 2 mm) 0 (> 20 mm)
Heat Base: 18.3 Cool Base: 18.3 Method: Integration