Report for 2017 May
MONTHLY CLIMATOLOGICAL SUMMARY for MAY. 2017
NAME: Badalona CITY: Badalona STATE: España
ELEV: 27 m LAT: 41º 26' 42" N LONG: 2° 14' 36" E
TEMPERATURE (°C), RAIN (mm), WIND SPEED (km/hr)
HEAT COOL AVG
MEAN DEG DEG WIND DOM
DAY TEMP HIGH TIME LOW TIME DAYS DAYS RAIN SPEED HIGH TIME DIR
------------------------------------------------------------------------------------
1 14.6 16.8 15:25 11.4 6:20 3.8 0.0 0.0 6.9 35.4 2:40 SE
2 15.9 21.1 14:05 11.7 6:45 2.6 0.3 0.0 6.4 37.0 15:05 W
3 14.9 15.8 11:40 13.6 5:40 3.4 0.0 1.8 4.8 20.9 1:00 NE
4 15.6 18.2 15:45 12.6 6:10 2.7 0.0 0.0 5.6 30.6 16:45 SE
5 16.4 18.6 12:40 14.1 5:30 1.8 0.0 0.0 9.2 33.8 16:00 NE
6 18.8 25.8 14:55 15.9 6:20 0.7 1.1 0.0 10.5 45.1 18:55 NE
7 16.6 18.4 8:50 14.0 6:35 1.7 0.0 0.0 5.3 24.1 15:30 ENE
8 16.8 19.2 15:45 14.6 5:40 1.5 0.0 0.0 4.7 19.3 14:45 E
9 16.5 18.3 15:50 14.6 6:35 1.8 0.0 0.0 5.6 20.9 13:00 E
10 17.3 18.6 15:20 15.7 6:35 1.0 0.0 0.0 7.4 29.0 16:05 ENE
11 18.0 20.9 20:30 15.1 10:45 0.9 0.6 11.2 6.9 32.2 15:15 NE
12 21.0 26.7 16:40 16.5 4:30 0.4 3.0 0.0 8.7 45.1 17:35 W
13 21.4 26.8 16:35 17.7 6:30 0.0 3.2 0.0 8.7 38.6 18:40 W
14 19.5 21.9 9:30 17.5 3:30 0.0 1.2 0.0 3.5 19.3 17:20 E
15 20.4 23.7 9:25 17.5 5:55 0.1 2.1 0.0 4.3 22.5 2:50 WNW
16 20.3 23.4 9:10 18.8 23:55 0.0 2.0 0.0 5.5 25.7 3:40 W
17 20.3 22.6 16:25 18.3 2:40 0.0 2.0 0.0 4.0 16.1 13:30 E
18 19.2 20.9 18:45 16.8 00:00 0.1 1.0 0.2 5.8 27.4 00:00 W
19 17.0 22.0 13:45 13.0 6:45 1.7 0.4 0.0 10.8 37.0 13:55 W
20 17.8 21.1 16:55 15.0 6:40 1.0 0.5 0.0 7.9 37.0 0:45 NE
21 19.0 22.8 18:30 15.2 6:45 0.7 1.4 0.0 6.1 33.8 17:40 SE
22 19.8 21.9 15:05 17.7 6:10 0.0 1.5 0.0 4.7 24.1 12:00 SE
23 20.6 23.2 13:00 17.4 6:45 0.1 2.3 0.0 3.9 22.5 14:25 SE
24 22.8 26.4 10:05 19.3 6:25 0.0 4.5 0.0 5.0 25.7 15:30 SE
25 22.8 27.7 10:00 20.7 21:35 0.0 4.5 0.0 6.0 24.1 17:10 W
26 19.8 22.5 2:10 18.7 7:05 0.0 1.5 0.0 9.0 25.7 12:40 ENE
27 20.0 21.8 8:30 18.6 0:50 0.0 1.7 0.0 7.1 24.1 10:15 NE
28 20.0 22.4 16:10 18.2 9:05 0.0 1.7 0.0 3.2 17.7 12:05 ENE
29 21.5 24.8 9:30 18.4 6:30 0.0 3.2 0.0 2.9 14.5 15:05 E
30 21.0 22.6 16:30 18.9 10:05 0.0 2.7 3.8 2.9 20.9 11:30 NE
31 20.8 23.9 14:45 17.8 6:05 0.0 2.5 0.0 5.3 20.9 16:25 W
-------------------------------------------------------------------------------------
18.9 27.7 25 11.4 1 25.9 45.2 17.0 6.1 45.1 6 NE
Max >= 32.0: 0
Max <= 0.0: 0
Min <= 0.0: 0
Min <= -18.0: 0
Max Rain: 11.20 ON 11/05/17
Days of Rain: 4 (> .2 mm) 2 (> 2 mm) 0 (> 20 mm)
Heat Base: 18.3 Cool Base: 18.3 Method: Integration