Report for 2017 Apr
MONTHLY CLIMATOLOGICAL SUMMARY for APR. 2017
NAME: Badalona CITY: Badalona STATE: España
ELEV: 27 m LAT: 41º 26' 42" N LONG: 2° 14' 36" E
TEMPERATURE (°C), RAIN (mm), WIND SPEED (km/hr)
HEAT COOL AVG
MEAN DEG DEG WIND DOM
DAY TEMP HIGH TIME LOW TIME DAYS DAYS RAIN SPEED HIGH TIME DIR
------------------------------------------------------------------------------------
1 13.1 15.2 0:05 10.7 23:50 5.3 0.0 9.0 4.2 24.1 10:15 W
2 12.2 15.7 15:35 9.1 7:40 6.1 0.0 3.2 6.0 27.4 19:25 W
3 14.7 20.2 18:25 10.8 8:35 3.7 0.1 0.0 8.2 30.6 9:40 W
4 16.9 22.0 17:35 12.3 7:05 2.2 0.9 0.0 7.4 33.8 16:20 WNW
5 15.8 19.7 13:55 13.1 22:40 2.5 0.0 2.0 4.3 24.1 17:45 SE
6 14.5 19.6 13:00 10.8 7:20 3.8 0.0 0.0 6.9 25.7 6:25 WNW
7 15.3 19.2 11:50 11.9 7:45 3.0 0.0 0.0 5.1 25.7 13:10 W
8 16.3 19.6 10:50 12.6 5:30 2.2 0.2 0.0 5.1 22.5 16:10 W
9 15.7 19.1 11:10 12.2 6:20 2.6 0.0 0.0 5.3 32.2 16:05 SE
10 18.0 23.1 17:20 13.6 7:10 1.5 1.2 0.0 6.9 32.2 22:15 W
11 17.0 21.9 11:10 14.8 7:35 1.5 0.2 0.0 7.4 25.7 14:15 W
12 16.8 20.2 10:35 13.4 7:15 1.8 0.3 0.0 4.0 16.1 13:20 SE
13 16.4 19.9 10:15 13.0 7:35 2.0 0.1 0.0 3.9 24.1 16:25 SE
14 17.3 20.8 18:20 14.0 7:20 1.4 0.4 0.0 3.9 17.7 2:00 E
15 16.9 18.3 0:20 15.3 7:20 1.4 0.0 0.0 3.7 17.7 17:00 W
16 16.6 20.7 18:45 12.7 7:30 1.9 0.2 0.0 5.5 32.2 15:40 W
17 16.7 19.2 17:05 13.6 7:10 1.6 0.0 0.0 5.1 32.2 17:35 W
18 16.4 18.1 13:35 14.3 7:25 1.8 0.0 0.0 5.8 20.9 19:05 E
19 14.6 16.6 2:00 12.0 9:40 3.7 0.0 0.0 7.1 40.2 2:30 ENE
20 12.9 15.5 13:10 9.1 6:40 5.4 0.0 0.0 9.8 40.2 13:50 ENE
21 13.1 16.3 14:45 8.1 6:55 5.3 0.0 0.0 6.1 27.4 16:30 W
22 14.9 19.1 16:35 10.7 6:55 3.4 0.0 0.0 8.7 33.8 12:30 W
23 15.4 18.2 18:00 12.6 5:10 2.9 0.0 0.0 6.0 27.4 6:30 W
24 15.9 18.1 14:40 13.5 7:00 2.4 0.0 0.0 5.3 24.1 12:15 W
25 16.1 18.3 10:45 12.9 5:25 2.2 0.0 0.0 7.9 35.4 15:20 SE
26 14.4 16.8 0:35 12.2 23:40 3.9 0.0 3.0 7.1 33.8 6:40 NE
27 9.7 12.3 0:05 7.8 14:40 8.5 0.0 19.8 3.9 22.5 10:25 W
28 11.4 15.3 16:30 6.6 7:00 6.9 0.0 0.0 7.1 25.7 14:45 W
29 13.6 17.6 16:50 9.3 6:15 4.7 0.0 0.0 7.1 38.6 15:30 W
30 15.7 17.9 15:20 13.3 1:15 2.6 0.0 0.8 8.9 37.0 12:20 W
-------------------------------------------------------------------------------------
15.1 23.1 10 6.6 28 98.3 3.8 37.8 6.1 40.2 19 W
Max >= 32.0: 0
Max <= 0.0: 0
Min <= 0.0: 0
Min <= -18.0: 0
Max Rain: 19.81 ON 27/04/17
Days of Rain: 6 (> .2 mm) 5 (> 2 mm) 0 (> 20 mm)
Heat Base: 18.3 Cool Base: 18.3 Method: Integration