Report for 2017 Feb
MONTHLY CLIMATOLOGICAL SUMMARY for FEB. 2017
NAME: Badalona CITY: Badalona STATE: España
ELEV: 27 m LAT: 41º 26' 42" N LONG: 2° 14' 36" E
TEMPERATURE (°C), RAIN (mm), WIND SPEED (km/hr)
HEAT COOL AVG
MEAN DEG DEG WIND DOM
DAY TEMP HIGH TIME LOW TIME DAYS DAYS RAIN SPEED HIGH TIME DIR
------------------------------------------------------------------------------------
1 12.3 16.0 14:35 9.9 7:05 6.0 0.0 0.0 4.8 20.9 11:45 W
2 12.5 15.4 15:10 10.6 10:00 5.8 0.0 0.0 4.3 20.9 13:50 W
3 13.1 17.4 15:25 10.1 5:40 5.2 0.0 0.0 8.0 49.9 15:50 W
4 15.9 19.7 14:45 12.1 4:00 2.5 0.2 0.0 7.2 48.3 14:55 W
5 13.4 16.3 10:30 9.4 00:00 4.8 0.0 0.0 12.2 61.2 21:20 W
6 12.7 16.7 15:30 8.5 1:45 5.6 0.0 0.0 12.1 54.7 12:20 W
7 13.4 16.2 11:50 11.7 8:15 4.8 0.0 0.4 2.1 43.5 00:00 W
8 11.2 16.4 15:20 8.7 5:40 7.1 0.0 2.8 6.9 46.7 0:05 W
9 9.4 13.0 12:25 5.6 7:30 8.8 0.0 0.0 6.1 25.7 16:20 W
10 10.1 13.3 13:10 7.4 8:25 8.2 0.0 0.0 1.8 12.9 16:20 W
11 11.6 13.7 15:45 8.5 3:10 6.7 0.0 0.0 8.9 41.8 19:50 NE
12 13.4 13.9 21:45 12.9 6:10 4.9 0.0 0.0 18.8 46.7 16:20 NE
13 13.8 14.4 11:00 13.2 17:05 4.5 0.0 6.8 19.0 53.1 5:30 NE
14 13.5 15.2 10:55 11.5 7:25 4.8 0.0 0.6 6.9 38.6 1:30 NE
15 13.9 15.7 14:10 12.2 7:40 4.4 0.0 0.0 4.8 25.7 12:25 NE
16 13.3 15.3 10:35 11.7 00:00 5.0 0.0 0.0 2.6 16.1 16:00 ESE
17 12.3 15.5 16:10 9.4 8:10 6.0 0.0 0.0 5.3 20.9 3:15 W
18 12.1 14.1 9:55 8.9 7:15 6.3 0.0 0.0 4.3 19.3 14:35 W
19 12.7 15.9 11:20 10.6 7:35 5.6 0.0 0.0 4.5 24.1 10:45 ENE
20 12.9 17.4 14:45 9.4 7:40 5.3 0.0 0.0 6.4 30.6 23:15 W
21 12.8 17.6 12:45 9.2 7:15 5.5 0.0 0.0 5.5 27.4 23:35 W
22 13.8 17.3 11:45 10.8 7:55 4.5 0.0 0.0 5.3 29.0 0:20 W
23 15.9 19.5 16:25 13.1 4:50 2.5 0.1 0.0 4.7 29.0 8:35 W
24 12.9 17.0 0:35 11.8 12:55 5.3 0.0 8.6 2.3 27.4 3:20 NE
25 11.3 14.1 15:30 7.6 7:50 7.0 0.0 0.0 4.7 25.7 5:30 W
26 11.9 16.1 15:45 7.9 6:50 6.3 0.0 0.0 6.4 32.2 13:10 W
27 13.8 16.9 16:15 11.3 1:35 4.5 0.0 0.0 6.6 33.8 14:40 W
28 15.3 18.8 17:55 12.5 5:10 3.0 0.0 0.0 8.4 45.1 16:20 W
-------------------------------------------------------------------------------------
12.9 19.7 4 5.6 9 151.2 0.2 19.2 6.8 61.2 5 W
Max >= 32.0: 0
Max <= 0.0: 0
Min <= 0.0: 0
Min <= -18.0: 0
Max Rain: 8.61 ON 24/02/17
Days of Rain: 5 (> .2 mm) 3 (> 2 mm) 0 (> 20 mm)
Heat Base: 18.3 Cool Base: 18.3 Method: Integration