Report for 2011 Jul
Monthly Climatological Summary for jul. 2011
Name: Badalona-Progres City: Badalona State: España
Elevation: 33 m Lat: N 41° 26' 42" Lon: E 002° 14' 35"
Temperature (°C), Rain (mm), Wind Speed (km/h)
Heat Cool Avg
Mean Deg Deg Wind Dom
Day Temp High Time Low Time Days Days Rain Speed High Time Dir
----------------------------------------------------------------------------------
01 22,0 25,9 17:33 20,4 06:36 0,0 3,7 0,0 5,3 28,0 06:36 ENE
02 22,6 26,5 11:02 21,6 04:56 0,0 4,3 0,0 5,3 33,0 04:56 ESE
03 22,5 24,4 11:17 20,8 00:00 0,0 4,2 0,0 5,0 26,0 11:17 SE
04 22,7 25,3 17:03 21,4 03:31 0,0 4,4 1,8 4,8 32,0 03:31 SE
05 23,9 29,6 17:40 20,4 05:55 0,0 5,6 0,0 7,4 32,0 05:55 SE
06 24,0 25,9 08:47 21,8 05:58 0,0 5,7 0,0 4,3 26,0 05:58 WNW
07 23,7 24,5 20:27 21,6 06:19 0,0 5,4 0,0 5,0 29,0 06:19 NE
08 24,5 26,4 16:24 21,2 05:48 0,0 6,2 0,0 5,8 35,0 05:48 NE
09 24,2 26,3 17:18 20,5 05:57 0,0 5,9 0,0 4,5 17,0 05:57 SE
10 23,7 24,8 16:08 21,9 04:09 0,0 5,4 0,0 6,9 30,0 04:09 SSW
11 24,0 26,6 09:05 21,3 06:42 0,0 5,7 0,0 6,7 19,0 06:42 ENE
12 23,4 24,7 16:36 21,4 06:17 0,0 5,1 0,3 6,7 28,0 06:17 NNE
13 25,0 27,8 15:15 19,5 06:14 0,0 6,7 2,3 8,7 33,0 06:14 SSW
14 21,3 22,9 16:53 16,3 09:12 0,0 3,0 7,3 4,5 24,0 09:12 SSE
15 24,9 27,6 18:04 19,9 06:07 0,0 6,6 0,1 4,5 32,0 06:07 S
16 25,2 27,4 18:18 21,5 03:29 0,0 6,9 0,1 4,5 34,0 03:29 S
17 24,6 26,4 10:04 20,3 19:33 0,0 6,3 0,6 5,6 43,0 10:04 ENE
18 21,9 22,9 16:41 18,7 08:05 0,0 3,6 0,0 7,1 34,0 08:05 SSE
19 24,2 27,3 11:33 19,1 05:57 0,0 5,9 43,1 4,5 35,0 05:57 NE
20 22,0 23,4 18:08 16,9 07:45 0,0 3,7 0,0 5,3 29,0 07:45 E
21 23,9 25,1 12:00 19,6 06:42 0,0 5,6 0,0 4,8 32,0 06:42 E
22 22,1 22,9 16:10 20,1 08:18 0,0 3,8 0,0 2,9 27,0 08:18 SE
23 24,0 25,3 11:26 18,5 08:28 0,0 5,7 0,0 5,8 32,0 08:28 SW
24 22,3 23,4 15:39 18,7 05:48 0,0 4,0 17,3 7,7 21,0 05:48 SW
25 24,1 25,3 11:40 19,1 07:30 0,0 5,8 0,0 5,8 29,0 07:30 WSW
26 23,5 24,5 14:47 20,3 22:34 0,0 5,2 0,2 5,8 29,0 14:47 ENE
27 23,6 24,8 10:06 20,0 05:22 0,0 5,3 0,1 7,2 36,0 05:22 ENE
28 25,5 27,1 11:07 20,5 07:05 0,0 7,2 0,1 6,6 36,0 07:05 SW
29 25,3 27,5 00:00 21,4 04:00 0,0 7,0 0,0 9,6 27,0 04:00 NW
30 23,6 25,5 14:17 18,9 17:04 0,0 5,3 18,9 7,2 34,0 14:17 S
31 25,4 28,3 13:52 22,7 04:52 0,0 7,1 0,0 4,6 24,0 15:37 SE
----------------------------------------------------------------------------------
23,7 29,6 5 16,3 14 0,0 166,3 92,2 4,8 43,0 17 SE
Max >= 27,0 8
Max <= 0,0 0
Min <= 0,0 0
Min <= -18,0 0
Max Rain: 43,1 on day 19
Days of Rain: 9 (>= 0,2 mm) 5 (>= 2,0 mm) 1 (>= 20,0 mm)
Heat Base: 18,3 Cool Base: 18,3 Method: Integration